Last updated on 2025-02-16 09:50:49 CET.
Flavor | Version | Tinstall | Tcheck | Ttotal | Status | Flags |
---|---|---|---|---|---|---|
r-devel-linux-x86_64-debian-clang | 0.1.2 | 292.82 | 126.74 | 419.56 | NOTE | |
r-devel-linux-x86_64-debian-gcc | 0.1.2 | 303.62 | 112.31 | 415.93 | NOTE | |
r-devel-linux-x86_64-fedora-clang | 0.1.2 | 685.10 | NOTE | |||
r-devel-linux-x86_64-fedora-gcc | 0.1.2 | 965.08 | NOTE | |||
r-devel-macos-arm64 | 0.1.2 | 170.00 | NOTE | |||
r-devel-macos-x86_64 | 0.1.2 | 343.00 | NOTE | |||
r-devel-windows-x86_64 | 0.1.2 | 299.00 | 168.00 | 467.00 | NOTE | |
r-patched-linux-x86_64 | 0.1.2 | 361.01 | 152.13 | 513.14 | NOTE | |
r-release-linux-x86_64 | 0.1.2 | 380.83 | 151.59 | 532.42 | NOTE | |
r-release-macos-arm64 | 0.1.2 | 98.00 | NOTE | |||
r-release-macos-x86_64 | 0.1.2 | 115.00 | NOTE | |||
r-release-windows-x86_64 | 0.1.2 | 303.00 | 164.00 | 467.00 | NOTE | |
r-oldrel-macos-arm64 | 0.1.2 | 173.00 | NOTE | |||
r-oldrel-macos-x86_64 | 0.1.2 | 277.00 | NOTE | |||
r-oldrel-windows-x86_64 | 0.1.2 | 411.00 | 195.00 | 606.00 | OK |
Version: 0.1.2
Check: Rd files
Result: NOTE
checkRd: (-1) ma.Rd:62: Lost braces
62 | \item{yi}{Numeric vector of length code{k} with observed effect size
| ^
checkRd: (-1) ma.Rd:65: Lost braces
65 | \item{vi}{Numeric vector of length code{k} with sampling variances.}
| ^
Flavors: r-devel-linux-x86_64-debian-clang, r-devel-linux-x86_64-debian-gcc, r-devel-linux-x86_64-fedora-clang, r-devel-linux-x86_64-fedora-gcc, r-devel-macos-arm64, r-devel-macos-x86_64, r-devel-windows-x86_64, r-patched-linux-x86_64, r-release-linux-x86_64, r-release-macos-arm64, r-release-macos-x86_64, r-release-windows-x86_64
Version: 0.1.2
Check: installed package size
Result: NOTE
installed size is 61.2Mb
sub-directories of 1Mb or more:
libs 60.7Mb
Flavors: r-release-macos-arm64, r-release-macos-x86_64, r-oldrel-macos-arm64, r-oldrel-macos-x86_64
Version: 0.1.2
Check: for GNU extensions in Makefiles
Result: NOTE
GNU make is a SystemRequirements.
Flavors: r-release-macos-arm64, r-release-macos-x86_64, r-oldrel-macos-arm64, r-oldrel-macos-x86_64