Last updated on 2025-02-19 09:50:59 CET.
Flavor | Version | Tinstall | Tcheck | Ttotal | Status | Flags |
---|---|---|---|---|---|---|
r-devel-linux-x86_64-debian-clang | 0.7-4 | 13.56 | 125.21 | 138.77 | NOTE | |
r-devel-linux-x86_64-debian-gcc | 0.7-4 | 8.92 | 83.51 | 92.43 | NOTE | |
r-devel-linux-x86_64-fedora-clang | 0.7-4 | 230.22 | OK | |||
r-devel-linux-x86_64-fedora-gcc | 0.7-4 | 232.14 | OK | |||
r-devel-macos-arm64 | 0.7-4 | 66.00 | OK | |||
r-devel-macos-x86_64 | 0.7-4 | 153.00 | OK | |||
r-devel-windows-x86_64 | 0.7-4 | 16.00 | 170.00 | 186.00 | OK | |
r-patched-linux-x86_64 | 0.7-4 | 14.32 | 120.19 | 134.51 | OK | |
r-release-linux-x86_64 | 0.7-4 | 12.75 | 121.19 | 133.94 | OK | |
r-release-macos-arm64 | 0.7-4 | 68.00 | OK | |||
r-release-macos-x86_64 | 0.7-4 | 113.00 | OK | |||
r-release-windows-x86_64 | 0.7-4 | 16.00 | 172.00 | 188.00 | OK | |
r-oldrel-macos-arm64 | 0.7-4 | 88.00 | OK | |||
r-oldrel-macos-x86_64 | 0.7-4 | 235.00 | OK | |||
r-oldrel-windows-x86_64 | 0.7-4 | 19.00 | 220.00 | 239.00 | OK |
Version: 0.7-4
Check: for unstated dependencies in ‘demo’
Result: NOTE
'::' or ':::' imports not declared from:
‘colorspace’ ‘psychomix’
'library' or 'require' calls not declared from:
‘car’ ‘lmtest’ ‘psychomix’ ‘psychotree’ ‘strucchange’
Flavors: r-devel-linux-x86_64-debian-clang, r-devel-linux-x86_64-debian-gcc