CRAN Package Check Results for Package pseval

Last updated on 2025-02-16 09:50:49 CET.

Flavor Version Tinstall Tcheck Ttotal Status Flags
r-devel-linux-x86_64-debian-clang 1.3.1 3.77 148.26 152.03 NOTE
r-devel-linux-x86_64-debian-gcc 1.3.1 2.09 90.94 93.03 NOTE
r-devel-linux-x86_64-fedora-clang 1.3.1 252.44 OK
r-devel-linux-x86_64-fedora-gcc 1.3.1 252.58 OK
r-devel-macos-arm64 1.3.1 71.00 OK
r-devel-macos-x86_64 1.3.1 147.00 OK
r-devel-windows-x86_64 1.3.1 5.00 150.00 155.00 NOTE
r-patched-linux-x86_64 1.3.1 4.26 140.15 144.41 NOTE
r-release-linux-x86_64 1.3.1 2.37 140.53 142.90 NOTE
r-release-macos-arm64 1.3.1 64.00 NOTE
r-release-macos-x86_64 1.3.1 112.00 NOTE
r-release-windows-x86_64 1.3.1 5.00 154.00 159.00 NOTE
r-oldrel-macos-arm64 1.3.1 69.00 NOTE
r-oldrel-macos-x86_64 1.3.1 150.00 NOTE
r-oldrel-windows-x86_64 1.3.1 6.00 228.00 234.00 NOTE

Check Details

Version: 1.3.1
Check: Rd cross-references
Result: NOTE Found the following Rd file(s) with Rd \link{} targets missing package anchors: risk_exponential.Rd: Surv risk_weibull.Rd: Surv Please provide package anchors for all Rd \link{} targets not in the package itself and the base packages. Flavors: r-devel-linux-x86_64-debian-clang, r-devel-linux-x86_64-debian-gcc, r-devel-windows-x86_64

Version: 1.3.1
Check: LazyData
Result: NOTE 'LazyData' is specified without a 'data' directory Flavors: r-patched-linux-x86_64, r-release-linux-x86_64, r-release-macos-arm64, r-release-macos-x86_64, r-release-windows-x86_64, r-oldrel-macos-arm64, r-oldrel-macos-x86_64, r-oldrel-windows-x86_64