Last updated on 2025-02-19 09:50:59 CET.
Flavor | Version | Tinstall | Tcheck | Ttotal | Status | Flags |
---|---|---|---|---|---|---|
r-devel-linux-x86_64-debian-clang | 2.3.1 | 42.58 | 27.19 | 69.77 | OK | |
r-devel-linux-x86_64-debian-gcc | 2.3.1 | 36.87 | 21.29 | 58.16 | OK | |
r-devel-linux-x86_64-fedora-clang | 2.3.1 | 137.98 | OK | |||
r-devel-linux-x86_64-fedora-gcc | 2.3.1 | 143.06 | OK | |||
r-devel-macos-arm64 | 2.3.1 | 38.00 | OK | |||
r-devel-macos-x86_64 | 2.3.1 | 48.00 | OK | |||
r-devel-windows-x86_64 | 2.3.1 | 55.00 | 92.00 | 147.00 | OK | |
r-patched-linux-x86_64 | 2.3.1 | 47.39 | 25.94 | 73.33 | OK | |
r-release-linux-x86_64 | 2.3.1 | 46.69 | 25.63 | 72.32 | OK | |
r-release-macos-arm64 | 2.3.1 | 46.00 | NOTE | |||
r-release-macos-x86_64 | 2.3.1 | 71.00 | NOTE | |||
r-release-windows-x86_64 | 2.3.1 | 56.00 | 84.00 | 140.00 | OK | |
r-oldrel-macos-arm64 | 2.3.1 | 49.00 | NOTE | |||
r-oldrel-macos-x86_64 | 2.3.1 | 68.00 | NOTE | |||
r-oldrel-windows-x86_64 | 2.3.1 | 68.00 | 90.00 | 158.00 | OK |
Version: 2.3.1
Check: installed package size
Result: NOTE
installed size is 22.1Mb
sub-directories of 1Mb or more:
libs 22.0Mb
Flavors: r-release-macos-arm64, r-release-macos-x86_64, r-oldrel-macos-arm64, r-oldrel-macos-x86_64