Last updated on 2025-02-16 09:50:49 CET.
Flavor | Version | Tinstall | Tcheck | Ttotal | Status | Flags |
---|---|---|---|---|---|---|
r-devel-linux-x86_64-debian-clang | 1.0.0 | 2.01 | 19.59 | 21.60 | NOTE | |
r-devel-linux-x86_64-debian-gcc | 1.0.0 | 1.41 | 15.77 | 17.18 | NOTE | |
r-devel-linux-x86_64-fedora-clang | 1.0.0 | 34.74 | NOTE | |||
r-devel-linux-x86_64-fedora-gcc | 1.0.0 | 32.72 | NOTE | |||
r-devel-macos-arm64 | 1.0.0 | 16.00 | OK | |||
r-devel-macos-x86_64 | 1.0.0 | 25.00 | NOTE | |||
r-devel-windows-x86_64 | 1.0.0 | 4.00 | 44.00 | 48.00 | NOTE | |
r-patched-linux-x86_64 | 1.0.0 | 2.00 | 18.58 | 20.58 | OK | |
r-release-linux-x86_64 | 1.0.0 | 1.73 | 18.54 | 20.27 | OK | |
r-release-macos-arm64 | 1.0.0 | 17.00 | OK | |||
r-release-macos-x86_64 | 1.0.0 | 28.00 | OK | |||
r-release-windows-x86_64 | 1.0.0 | 4.00 | 45.00 | 49.00 | OK | |
r-oldrel-macos-arm64 | 1.0.0 | 24.00 | OK | |||
r-oldrel-macos-x86_64 | 1.0.0 | 29.00 | OK | |||
r-oldrel-windows-x86_64 | 1.0.0 | 4.00 | 75.00 | 79.00 | OK |
Version: 1.0.0
Check: DESCRIPTION meta-information
Result: NOTE
Missing dependency on R >= 4.1.0 because package code uses the pipe
|> or function shorthand \(...) syntax added in R 4.1.0.
File(s) using such syntax:
‘complete_chat.R’ ‘complete_prompt.R’ ‘format_prompt.R’
Flavors: r-devel-linux-x86_64-debian-clang, r-devel-linux-x86_64-debian-gcc, r-devel-linux-x86_64-fedora-clang, r-devel-linux-x86_64-fedora-gcc, r-devel-macos-x86_64, r-devel-windows-x86_64