Last updated on 2025-02-20 09:50:59 CET.
Flavor | Version | Tinstall | Tcheck | Ttotal | Status | Flags |
---|---|---|---|---|---|---|
r-devel-linux-x86_64-debian-clang | 1.2.3 | 3.12 | 27.12 | 30.24 | OK | |
r-devel-linux-x86_64-debian-gcc | 1.2.3 | 2.58 | 20.93 | 23.51 | OK | |
r-devel-linux-x86_64-fedora-clang | 1.2.3 | 50.18 | OK | |||
r-devel-linux-x86_64-fedora-gcc | 1.2.3 | 47.03 | OK | |||
r-devel-macos-arm64 | 1.2.3 | 22.00 | OK | |||
r-devel-macos-x86_64 | 1.2.3 | 34.00 | OK | |||
r-devel-windows-x86_64 | 1.2.3 | 5.00 | 49.00 | 54.00 | OK | |
r-patched-linux-x86_64 | 1.2.3 | 3.26 | 25.83 | 29.09 | OK | |
r-release-linux-x86_64 | 1.2.3 | 2.96 | 26.14 | 29.10 | OK | |
r-release-macos-arm64 | 1.2.3 | 20.00 | OK | |||
r-release-macos-x86_64 | 1.2.3 | 30.00 | OK | |||
r-release-windows-x86_64 | 1.2.3 | 5.00 | 48.00 | 53.00 | WARN | |
r-oldrel-macos-arm64 | 1.2.3 | 23.00 | OK | |||
r-oldrel-macos-x86_64 | 1.2.3 | 34.00 | OK | |||
r-oldrel-windows-x86_64 | 1.2.3 | 6.00 | 80.00 | 86.00 | OK |
Version: 1.2.3
Check: for unstated dependencies in ‘tests’
Result: WARN
Warning: unable to access index for repository https://bioconductor.statistik.tu-dortmund.de/3.20/bioc/src/contrib:
cannot open URL 'https://bioconductor.statistik.tu-dortmund.de/3.20/bioc/src/contrib/PACKAGES'
Warning: unable to access index for repository https://bioconductor.statistik.tu-dortmund.de/3.20/data/annotation/src/contrib:
cannot open URL 'https://bioconductor.statistik.tu-dortmund.de/3.20/data/annotation/src/contrib/PACKAGES'
Warning: unable to access index for repository https://bioconductor.statistik.tu-dortmund.de/3.20/data/experiment/src/contrib:
cannot open URL 'https://bioconductor.statistik.tu-dortmund.de/3.20/data/experiment/src/contrib/PACKAGES'
Flavor: r-release-windows-x86_64