CRAN Package Check Results for Package profileR

Last updated on 2025-04-16 09:53:08 CEST.

Flavor Version Tinstall Tcheck Ttotal Status Flags
r-devel-linux-x86_64-debian-clang 0.3-5 6.30 49.05 55.35 NOTE
r-devel-linux-x86_64-debian-gcc 0.3-5 4.51 35.94 40.45 NOTE
r-devel-linux-x86_64-fedora-clang 0.3-5 87.57 NOTE
r-devel-linux-x86_64-fedora-gcc 0.3-5 82.26 NOTE
r-devel-windows-x86_64 0.3-5 8.00 68.00 76.00 NOTE
r-patched-linux-x86_64 0.3-5 6.93 46.84 53.77 NOTE
r-release-linux-x86_64 0.3-5 5.75 48.17 53.92 NOTE
r-release-macos-arm64 0.3-5 29.00 NOTE
r-release-macos-x86_64 0.3-5 49.00 NOTE
r-release-windows-x86_64 0.3-5 9.00 67.00 76.00 NOTE
r-oldrel-macos-arm64 0.3-5 27.00 NOTE
r-oldrel-macos-x86_64 0.3-5 52.00 NOTE
r-oldrel-windows-x86_64 0.3-5 10.00 80.00 90.00 NOTE

Check Details

Version: 0.3-5
Check: Rd files
Result: NOTE checkRd: (-1) PS.Rd:9: Lost braces 9 | \item{CD}{}{Character disorder scale score} | ^ Flavors: r-devel-linux-x86_64-debian-clang, r-devel-linux-x86_64-debian-gcc, r-devel-linux-x86_64-fedora-clang, r-devel-linux-x86_64-fedora-gcc, r-devel-windows-x86_64, r-patched-linux-x86_64, r-release-linux-x86_64, r-release-macos-arm64, r-release-macos-x86_64, r-release-windows-x86_64, r-oldrel-macos-arm64, r-oldrel-macos-x86_64, r-oldrel-windows-x86_64