CRAN Package Check Results for Package profile

Last updated on 2025-02-19 09:50:59 CET.

Flavor Version Tinstall Tcheck Ttotal Status Flags
r-devel-linux-x86_64-debian-clang 1.0.3 3.65 37.63 41.28 NOTE
r-devel-linux-x86_64-debian-gcc 1.0.3 2.63 27.74 30.37 NOTE
r-devel-linux-x86_64-fedora-clang 1.0.3 66.68 OK
r-devel-linux-x86_64-fedora-gcc 1.0.3 63.68 OK
r-devel-macos-arm64 1.0.3 25.00 OK
r-devel-macos-x86_64 1.0.3 54.00 OK
r-devel-windows-x86_64 1.0.3 5.00 56.00 61.00 NOTE
r-patched-linux-x86_64 1.0.3 7.45 35.51 42.96 OK
r-release-linux-x86_64 1.0.3 3.24 35.38 38.62 OK
r-release-macos-arm64 1.0.3 23.00 OK
r-release-macos-x86_64 1.0.3 52.00 OK
r-release-windows-x86_64 1.0.3 5.00 55.00 60.00 OK
r-oldrel-macos-arm64 1.0.3 23.00 OK
r-oldrel-macos-x86_64 1.0.3 35.00 OK
r-oldrel-windows-x86_64 1.0.3 7.00 58.00 65.00 OK

Check Details

Version: 1.0.3
Check: Rd cross-references
Result: NOTE Found the following Rd file(s) with Rd \link{} targets missing package anchors: validate_profile.Rd: tibble Please provide package anchors for all Rd \link{} targets not in the package itself and the base packages. Flavors: r-devel-linux-x86_64-debian-clang, r-devel-linux-x86_64-debian-gcc, r-devel-windows-x86_64