CRAN Package Check Results for Package proclhmm

Last updated on 2025-04-16 09:53:08 CEST.

Flavor Version Tinstall Tcheck Ttotal Status Flags
r-devel-linux-x86_64-debian-clang 1.0.0 14.84 31.55 46.39 NOTE
r-devel-linux-x86_64-debian-gcc 1.0.0 11.43 23.76 35.19 NOTE
r-devel-linux-x86_64-fedora-clang 1.0.0 82.53 OK
r-devel-linux-x86_64-fedora-gcc 1.0.0 80.02 OK
r-devel-windows-x86_64 1.0.0 17.00 67.00 84.00 NOTE
r-patched-linux-x86_64 1.0.0 17.16 30.75 47.91 NOTE
r-release-linux-x86_64 1.0.0 15.56 30.59 46.15 NOTE
r-release-macos-arm64 1.0.0 33.00 OK
r-release-macos-x86_64 1.0.0 59.00 OK
r-release-windows-x86_64 1.0.0 18.00 76.00 94.00 NOTE
r-oldrel-macos-arm64 1.0.0 44.00 OK
r-oldrel-macos-x86_64 1.0.0 84.00 OK
r-oldrel-windows-x86_64 1.0.0 18.00 81.00 99.00 OK

Check Details

Version: 1.0.0
Check: Rd cross-references
Result: NOTE Found the following Rd file(s) with Rd \link{} targets missing package anchors: lhmm.Rd: statmod Please provide package anchors for all Rd \link{} targets not in the package itself and the base packages. Flavors: r-devel-linux-x86_64-debian-clang, r-devel-linux-x86_64-debian-gcc, r-devel-windows-x86_64, r-patched-linux-x86_64, r-release-linux-x86_64, r-release-windows-x86_64