Last updated on 2025-02-16 09:50:49 CET.
Flavor | Version | Tinstall | Tcheck | Ttotal | Status | Flags |
---|---|---|---|---|---|---|
r-devel-linux-x86_64-debian-clang | 0.1.1 | 1.70 | 16.97 | 18.67 | OK | |
r-devel-linux-x86_64-debian-gcc | 0.1.1 | 1.28 | 13.81 | 15.09 | OK | |
r-devel-linux-x86_64-fedora-clang | 0.1.1 | 32.09 | OK | |||
r-devel-linux-x86_64-fedora-gcc | 0.1.1 | 30.32 | OK | |||
r-devel-macos-arm64 | 0.1.1 | 14.00 | OK | |||
r-devel-macos-x86_64 | 0.1.1 | 23.00 | OK | |||
r-devel-windows-x86_64 | 0.1.1 | 3.00 | 40.00 | 43.00 | OK | |
r-patched-linux-x86_64 | 0.1.1 | 1.76 | 16.31 | 18.07 | NOTE | |
r-release-linux-x86_64 | 0.1.1 | 1.52 | 16.45 | 17.97 | NOTE | |
r-release-macos-arm64 | 0.1.1 | 14.00 | NOTE | |||
r-release-macos-x86_64 | 0.1.1 | 19.00 | NOTE | |||
r-release-windows-x86_64 | 0.1.1 | 2.00 | 39.00 | 41.00 | NOTE | |
r-oldrel-macos-arm64 | 0.1.1 | 15.00 | NOTE | |||
r-oldrel-macos-x86_64 | 0.1.1 | 20.00 | NOTE | |||
r-oldrel-windows-x86_64 | 0.1.1 | 2.00 | 38.00 | 40.00 | NOTE |
Version: 0.1.1
Check: package dependencies
Result: NOTE
Package suggested but not available for checking: ‘cin’
Flavors: r-patched-linux-x86_64, r-release-linux-x86_64, r-release-macos-arm64, r-release-macos-x86_64, r-release-windows-x86_64, r-oldrel-macos-arm64, r-oldrel-macos-x86_64, r-oldrel-windows-x86_64