Last updated on 2025-02-16 09:50:49 CET.
Flavor | Version | Tinstall | Tcheck | Ttotal | Status | Flags |
---|---|---|---|---|---|---|
r-devel-linux-x86_64-debian-clang | 0.5.0 | 170.86 | 90.74 | 261.60 | OK | |
r-devel-linux-x86_64-debian-gcc | 0.5.0 | 120.62 | 65.31 | 185.93 | OK | |
r-devel-linux-x86_64-fedora-clang | 0.5.0 | 533.74 | OK | |||
r-devel-linux-x86_64-fedora-gcc | 0.5.0 | 530.49 | OK | |||
r-devel-macos-arm64 | 0.5.0 | 106.00 | OK | |||
r-devel-macos-x86_64 | 0.5.0 | 148.00 | OK | |||
r-devel-windows-x86_64 | 0.5.0 | 213.00 | 117.00 | 330.00 | OK | |
r-patched-linux-x86_64 | 0.5.0 | 171.73 | 86.21 | 257.94 | NOTE | |
r-release-linux-x86_64 | 0.5.0 | 166.76 | 86.67 | 253.43 | NOTE | |
r-release-macos-arm64 | 0.5.0 | 114.00 | NOTE | |||
r-release-macos-x86_64 | 0.5.0 | 121.00 | NOTE | |||
r-release-windows-x86_64 | 0.5.0 | 210.00 | 120.00 | 330.00 | NOTE | |
r-oldrel-macos-arm64 | 0.5.0 | 123.00 | NOTE | |||
r-oldrel-macos-x86_64 | 0.5.0 | 170.00 | NOTE | |||
r-oldrel-windows-x86_64 | 0.5.0 | 258.00 | 144.00 | 402.00 | NOTE |
Version: 0.5.0
Check: package dependencies
Result: NOTE
Packages suggested but not available for checking: 'gurobi', 'rcbc'
Flavors: r-patched-linux-x86_64, r-release-linux-x86_64
Version: 0.5.0
Check: package dependencies
Result: NOTE
Packages suggested but not available for checking:
'gurobi', 'Rcplex', 'rcbc'
Flavors: r-release-macos-arm64, r-release-macos-x86_64, r-release-windows-x86_64, r-oldrel-macos-arm64, r-oldrel-macos-x86_64, r-oldrel-windows-x86_64
Version: 0.5.0
Check: installed package size
Result: NOTE
installed size is 10.7Mb
sub-directories of 1Mb or more:
doc 3.6Mb
libs 5.9Mb
Flavors: r-release-macos-arm64, r-release-macos-x86_64, r-release-windows-x86_64, r-oldrel-macos-arm64, r-oldrel-macos-x86_64, r-oldrel-windows-x86_64