Last updated on 2025-02-16 09:50:49 CET.
Flavor | Version | Tinstall | Tcheck | Ttotal | Status | Flags |
---|---|---|---|---|---|---|
r-devel-linux-x86_64-debian-clang | 1.1.0 | 2.92 | 72.19 | 75.11 | OK | |
r-devel-linux-x86_64-debian-gcc | 1.1.0 | 2.75 | 50.58 | 53.33 | OK | |
r-devel-linux-x86_64-fedora-clang | 1.1.0 | 136.30 | OK | |||
r-devel-linux-x86_64-fedora-gcc | 1.1.0 | 188.97 | OK | |||
r-devel-macos-arm64 | 1.1.0 | 95.00 | OK | |||
r-devel-macos-x86_64 | 1.1.0 | 211.00 | OK | |||
r-devel-windows-x86_64 | 1.1.0 | 5.00 | 94.00 | 99.00 | OK | |
r-patched-linux-x86_64 | 1.1.0 | 4.72 | 69.35 | 74.07 | NOTE | |
r-release-linux-x86_64 | 1.1.0 | 3.17 | 69.91 | 73.08 | NOTE | |
r-release-macos-arm64 | 1.1.0 | 100.00 | NOTE | |||
r-release-macos-x86_64 | 1.1.0 | 223.00 | NOTE | |||
r-release-windows-x86_64 | 1.1.0 | 9.00 | 115.00 | 124.00 | NOTE | |
r-oldrel-macos-arm64 | 1.0.0 | 93.00 | NOTE | |||
r-oldrel-macos-x86_64 | 1.1.0 | 210.00 | NOTE | |||
r-oldrel-windows-x86_64 | 1.1.0 | 7.00 | 111.00 | 118.00 | NOTE |
Version: 1.1.0
Check: package dependencies
Result: NOTE
Package suggested but not available for checking: ‘cmdstanr’
Flavors: r-patched-linux-x86_64, r-release-linux-x86_64, r-release-macos-arm64, r-release-macos-x86_64, r-release-windows-x86_64, r-oldrel-macos-x86_64, r-oldrel-windows-x86_64
Version: 1.0.0
Check: package dependencies
Result: NOTE
Package suggested but not available for checking: ‘cmdstanr’
Flavor: r-oldrel-macos-arm64