Last updated on 2025-02-16 09:50:49 CET.
Flavor | Version | Tinstall | Tcheck | Ttotal | Status | Flags |
---|---|---|---|---|---|---|
r-devel-linux-x86_64-debian-clang | 1.1.6 | 7.24 | 51.09 | 58.33 | NOTE | |
r-devel-linux-x86_64-debian-gcc | 1.1.6 | 5.16 | 37.11 | 42.27 | NOTE | |
r-devel-linux-x86_64-fedora-clang | 1.1.6 | 94.90 | NOTE | |||
r-devel-linux-x86_64-fedora-gcc | 1.1.6 | 86.80 | NOTE | |||
r-devel-macos-arm64 | 1.1.6 | 30.00 | NOTE | |||
r-devel-macos-x86_64 | 1.1.6 | 52.00 | NOTE | |||
r-devel-windows-x86_64 | 1.1.6 | 9.00 | 70.00 | 79.00 | NOTE | |
r-patched-linux-x86_64 | 1.1.6 | 7.64 | 48.49 | 56.13 | NOTE | |
r-release-linux-x86_64 | 1.1.6 | 6.56 | 48.24 | 54.80 | NOTE | |
r-release-macos-arm64 | 1.1.6 | 27.00 | NOTE | |||
r-release-macos-x86_64 | 1.1.6 | 44.00 | NOTE | |||
r-release-windows-x86_64 | 1.1.6 | 9.00 | 70.00 | 79.00 | NOTE | |
r-oldrel-macos-arm64 | 1.1.6 | 31.00 | OK | |||
r-oldrel-macos-x86_64 | 1.1.6 | 40.00 | OK | |||
r-oldrel-windows-x86_64 | 1.1.6 | 11.00 | 79.00 | 90.00 | OK |
Version: 1.1.6
Check: Rd files
Result: NOTE
checkRd: (-1) preference-package.Rd:48-49: Lost braces in \itemize; meant \describe ?
checkRd: (-1) preference-package.Rd:50-51: Lost braces in \itemize; meant \describe ?
checkRd: (-1) preference-package.Rd:52-53: Lost braces in \itemize; meant \describe ?
checkRd: (-1) preference-package.Rd:58-60: Lost braces in \itemize; meant \describe ?
checkRd: (-1) preference-package.Rd:61-63: Lost braces in \itemize; meant \describe ?
checkRd: (-1) preference-package.Rd:68-69: Lost braces in \itemize; meant \describe ?
checkRd: (-1) preference-package.Rd:70-71: Lost braces in \itemize; meant \describe ?
checkRd: (-1) preference-package.Rd:72-73: Lost braces in \itemize; meant \describe ?
checkRd: (-1) preference-package.Rd:78-79: Lost braces in \itemize; meant \describe ?
checkRd: (-1) preference-package.Rd:80-81: Lost braces in \itemize; meant \describe ?
checkRd: (-1) preference.Rd:21: Lost braces in \itemize; meant \describe ?
checkRd: (-1) preference.Rd:22-23: Lost braces in \itemize; meant \describe ?
checkRd: (-1) preference.Rd:24-25: Lost braces in \itemize; meant \describe ?
checkRd: (-1) preference.Rd:26-27: Lost braces in \itemize; meant \describe ?
Flavors: r-devel-linux-x86_64-debian-clang, r-devel-linux-x86_64-debian-gcc, r-devel-linux-x86_64-fedora-clang, r-devel-linux-x86_64-fedora-gcc, r-devel-macos-arm64, r-devel-macos-x86_64, r-devel-windows-x86_64, r-patched-linux-x86_64, r-release-linux-x86_64, r-release-macos-arm64, r-release-macos-x86_64, r-release-windows-x86_64