Last updated on 2025-02-16 09:50:49 CET.
Flavor | Version | Tinstall | Tcheck | Ttotal | Status | Flags |
---|---|---|---|---|---|---|
r-devel-linux-x86_64-debian-clang | 0.1.1 | 18.23 | 34.88 | 53.11 | NOTE | |
r-devel-linux-x86_64-debian-gcc | 0.1.1 | 15.60 | 25.84 | 41.44 | NOTE | |
r-devel-linux-x86_64-fedora-clang | 0.1.1 | 100.98 | OK | |||
r-devel-linux-x86_64-fedora-gcc | 0.1.1 | 97.62 | OK | |||
r-devel-macos-arm64 | 0.1.1 | 27.00 | OK | |||
r-devel-macos-x86_64 | 0.1.1 | 44.00 | OK | |||
r-devel-windows-x86_64 | 0.1.1 | 25.00 | 72.00 | 97.00 | NOTE | |
r-patched-linux-x86_64 | 0.1.1 | 24.42 | 33.06 | 57.48 | NOTE | |
r-release-linux-x86_64 | 0.1.1 | 21.30 | 32.70 | 54.00 | NOTE | |
r-release-macos-arm64 | 0.1.1 | 29.00 | NOTE | |||
r-release-macos-x86_64 | 0.1.1 | 39.00 | NOTE | |||
r-release-windows-x86_64 | 0.1.1 | 25.00 | 77.00 | 102.00 | NOTE | |
r-oldrel-macos-arm64 | 0.1.1 | 35.00 | NOTE | |||
r-oldrel-macos-x86_64 | 0.1.1 | 50.00 | NOTE | |||
r-oldrel-windows-x86_64 | 0.1.1 | 29.00 | 82.00 | 111.00 | NOTE |
Version: 0.1.1
Check: Rd cross-references
Result: NOTE
Found the following Rd file(s) with Rd \link{} targets missing package
anchors:
createTPRSmodelmatrix.Rd: gam
mlogit.Rd: maxNR
Please provide package anchors for all Rd \link{} targets not in the
package itself and the base packages.
Flavors: r-devel-linux-x86_64-debian-clang, r-devel-linux-x86_64-debian-gcc, r-devel-windows-x86_64
Version: 0.1.1
Check: LazyData
Result: NOTE
'LazyData' is specified without a 'data' directory
Flavors: r-patched-linux-x86_64, r-release-linux-x86_64, r-release-macos-arm64, r-release-macos-x86_64, r-release-windows-x86_64, r-oldrel-macos-arm64, r-oldrel-macos-x86_64, r-oldrel-windows-x86_64