Last updated on 2025-04-15 09:52:28 CEST.
Flavor | Version | Tinstall | Tcheck | Ttotal | Status | Flags |
---|---|---|---|---|---|---|
r-devel-linux-x86_64-debian-clang | 0.1.0.1 | 1.49 | 16.56 | 18.05 | OK | |
r-devel-linux-x86_64-debian-gcc | 0.1.0.1 | 1.27 | 13.74 | 15.01 | OK | |
r-devel-linux-x86_64-fedora-clang | 0.1.0.1 | 29.24 | OK | |||
r-devel-linux-x86_64-fedora-gcc | 0.1.0.1 | 28.42 | OK | |||
r-devel-windows-x86_64 | 0.1.0.1 | 3.00 | 48.00 | 51.00 | OK | |
r-patched-linux-x86_64 | 0.1.0.1 | 1.57 | 16.40 | 17.97 | OK | |
r-release-linux-x86_64 | 0.1.0.1 | 1.52 | 16.98 | 18.50 | OK | |
r-release-macos-arm64 | 0.1.0.1 | 16.00 | OK | |||
r-release-macos-x86_64 | 0.1.0.1 | 22.00 | OK | |||
r-release-windows-x86_64 | 0.1.0.1 | 3.00 | 39.00 | 42.00 | OK | |
r-oldrel-macos-arm64 | 0.1.0.1 | 16.00 | NOTE | |||
r-oldrel-macos-x86_64 | 0.1.0.1 | 21.00 | NOTE | |||
r-oldrel-windows-x86_64 | 0.1.0.1 | 2.00 | 40.00 | 42.00 | NOTE |
Version: 0.1.0.1
Check: LazyData
Result: NOTE
'LazyData' is specified without a 'data' directory
Flavors: r-oldrel-macos-arm64, r-oldrel-macos-x86_64, r-oldrel-windows-x86_64