Last updated on 2025-02-16 09:50:49 CET.
Flavor | Version | Tinstall | Tcheck | Ttotal | Status | Flags |
---|---|---|---|---|---|---|
r-devel-linux-x86_64-debian-clang | 1.0.0 | 4.19 | 42.52 | 46.71 | NOTE | |
r-devel-linux-x86_64-debian-gcc | 1.0.0 | 2.81 | 26.83 | 29.64 | NOTE | |
r-devel-linux-x86_64-fedora-clang | 1.0.0 | 68.77 | NOTE | |||
r-devel-linux-x86_64-fedora-gcc | 1.0.0 | 60.36 | NOTE | |||
r-devel-macos-arm64 | 1.0.0 | 24.00 | NOTE | |||
r-devel-macos-x86_64 | 1.0.0 | 46.00 | NOTE | |||
r-devel-windows-x86_64 | 1.0.0 | 6.00 | 58.00 | 64.00 | NOTE | |
r-patched-linux-x86_64 | 1.0.0 | 4.50 | 33.40 | 37.90 | NOTE | |
r-release-linux-x86_64 | 1.0.0 | 3.49 | 33.12 | 36.61 | NOTE | |
r-release-macos-arm64 | 1.0.0 | 22.00 | NOTE | |||
r-release-macos-x86_64 | 1.0.0 | 35.00 | NOTE | |||
r-release-windows-x86_64 | 1.0.0 | 6.00 | 62.00 | 68.00 | NOTE | |
r-oldrel-macos-arm64 | 1.0.0 | 23.00 | OK | |||
r-oldrel-macos-x86_64 | 1.0.0 | 33.00 | OK | |||
r-oldrel-windows-x86_64 | 1.0.0 | 7.00 | 77.00 | 84.00 | OK |
Version: 1.0.0
Check: Rd files
Result: NOTE
checkRd: (-1) stat_quantile_prob.Rd:14: Lost braces; missing escapes or markup?
14 | Number {25, 50, 75}
| ^
Flavors: r-devel-linux-x86_64-debian-clang, r-devel-linux-x86_64-debian-gcc, r-devel-linux-x86_64-fedora-clang, r-devel-linux-x86_64-fedora-gcc, r-devel-macos-arm64, r-devel-macos-x86_64, r-devel-windows-x86_64, r-patched-linux-x86_64, r-release-linux-x86_64, r-release-macos-arm64, r-release-macos-x86_64, r-release-windows-x86_64