Last updated on 2025-02-16 09:50:49 CET.
Flavor | Version | Tinstall | Tcheck | Ttotal | Status | Flags |
---|---|---|---|---|---|---|
r-devel-linux-x86_64-debian-clang | 1.0.0 | 1.66 | 55.32 | 56.98 | OK | |
r-devel-linux-x86_64-debian-gcc | 1.0.0 | 1.32 | 36.41 | 37.73 | OK | |
r-devel-linux-x86_64-fedora-clang | 1.0.0 | 96.22 | OK | |||
r-devel-linux-x86_64-fedora-gcc | 1.0.0 | 102.83 | OK | |||
r-devel-macos-arm64 | 1.0.0 | 30.00 | OK | |||
r-devel-macos-x86_64 | 1.0.0 | 67.00 | OK | |||
r-devel-windows-x86_64 | 1.0.0 | 2.00 | 87.00 | 89.00 | OK | |
r-patched-linux-x86_64 | 1.0.0 | 1.90 | 52.45 | 54.35 | NOTE | |
r-release-linux-x86_64 | 1.0.0 | 1.66 | 53.88 | 55.54 | NOTE | |
r-release-macos-arm64 | 1.0.0 | 45.00 | NOTE | |||
r-release-macos-x86_64 | 1.0.0 | 52.00 | NOTE | |||
r-release-windows-x86_64 | 1.0.0 | 3.00 | 94.00 | 97.00 | NOTE | |
r-oldrel-macos-arm64 | 1.0.0 | 33.00 | NOTE | |||
r-oldrel-macos-x86_64 | 1.0.0 | 60.00 | NOTE | |||
r-oldrel-windows-x86_64 | 1.0.0 | 3.00 | 123.00 | 126.00 | NOTE |
Version: 1.0.0
Check: LazyData
Result: NOTE
'LazyData' is specified without a 'data' directory
Flavors: r-patched-linux-x86_64, r-release-linux-x86_64, r-release-macos-arm64, r-release-macos-x86_64, r-release-windows-x86_64, r-oldrel-macos-arm64, r-oldrel-macos-x86_64, r-oldrel-windows-x86_64