CRAN Package Check Results for Package plotSEMM

Last updated on 2025-04-16 09:53:07 CEST.

Flavor Version Tinstall Tcheck Ttotal Status Flags
r-devel-linux-x86_64-debian-clang 2.4 12.94 66.80 79.74 OK
r-devel-linux-x86_64-debian-gcc 2.4 9.48 48.60 58.08 OK
r-devel-linux-x86_64-fedora-clang 2.4 128.46 OK
r-devel-linux-x86_64-fedora-gcc 2.4 117.58 OK
r-devel-windows-x86_64 2.4 19.00 91.00 110.00 OK
r-patched-linux-x86_64 2.4 12.05 62.12 74.17 OK
r-release-linux-x86_64 2.4 13.26 62.41 75.67 OK
r-release-macos-arm64 2.4 39.00 OK
r-release-macos-x86_64 2.4 66.00 OK
r-release-windows-x86_64 2.4 19.00 88.00 107.00 OK
r-oldrel-macos-arm64 2.4 39.00 NOTE
r-oldrel-macos-x86_64 2.4 59.00 NOTE
r-oldrel-windows-x86_64 2.4 23.00 113.00 136.00 NOTE

Check Details

Version: 2.4
Check: LazyData
Result: NOTE 'LazyData' is specified without a 'data' directory Flavors: r-oldrel-macos-arm64, r-oldrel-macos-x86_64, r-oldrel-windows-x86_64