Last updated on 2025-02-19 09:50:59 CET.
Flavor | Version | Tinstall | Tcheck | Ttotal | Status | Flags |
---|---|---|---|---|---|---|
r-devel-linux-x86_64-debian-clang | 0.3.4 | 8.88 | 102.53 | 111.41 | NOTE | |
r-devel-linux-x86_64-debian-gcc | 0.3.4 | 5.58 | 72.56 | 78.14 | NOTE | |
r-devel-linux-x86_64-fedora-clang | 0.3.4 | 174.65 | NOTE | |||
r-devel-linux-x86_64-fedora-gcc | 0.3.4 | 180.25 | NOTE | |||
r-devel-macos-arm64 | 0.3.4 | 76.00 | NOTE | |||
r-devel-macos-x86_64 | 0.3.4 | 164.00 | NOTE | |||
r-devel-windows-x86_64 | 0.3.4 | 10.00 | 157.00 | 167.00 | NOTE | |
r-patched-linux-x86_64 | 0.3.4 | 7.58 | 94.77 | 102.35 | NOTE | |
r-release-linux-x86_64 | 0.3.4 | 8.23 | 95.40 | 103.63 | NOTE | |
r-release-macos-arm64 | 0.3.4 | 73.00 | NOTE | |||
r-release-macos-x86_64 | 0.3.4 | 105.00 | NOTE | |||
r-release-windows-x86_64 | 0.3.4 | 10.00 | 157.00 | 167.00 | NOTE | |
r-oldrel-macos-arm64 | 0.3.4 | 77.00 | OK | |||
r-oldrel-macos-x86_64 | 0.3.4 | 74.00 | OK | |||
r-oldrel-windows-x86_64 | 0.3.4 | 13.00 | 173.00 | 186.00 | OK |
Version: 0.3.4
Check: Rd files
Result: NOTE
checkRd: (-1) check_hwe.Rd:103: Lost braces; missing escapes or markup?
103 | {'ALL', 'AFF', 'UNAFF', 'ALL(QT)', 'ALL(NP)'}), A1 (Allele 1; usually minor),
| ^
Flavors: r-devel-linux-x86_64-debian-clang, r-devel-linux-x86_64-debian-gcc, r-devel-linux-x86_64-fedora-clang, r-devel-linux-x86_64-fedora-gcc, r-devel-macos-arm64, r-devel-macos-x86_64, r-devel-windows-x86_64, r-patched-linux-x86_64, r-release-linux-x86_64, r-release-macos-arm64, r-release-macos-x86_64, r-release-windows-x86_64