Last updated on 2025-02-19 09:50:58 CET.
Flavor | Version | Tinstall | Tcheck | Ttotal | Status | Flags |
---|---|---|---|---|---|---|
r-devel-linux-x86_64-debian-clang | 1.0.2 | 2.37 | 62.57 | 64.94 | NOTE | |
r-devel-linux-x86_64-debian-gcc | 1.0.2 | 1.77 | 45.15 | 46.92 | NOTE | |
r-devel-linux-x86_64-fedora-clang | 1.0.2 | 104.11 | NOTE | |||
r-devel-linux-x86_64-fedora-gcc | 1.0.2 | 114.44 | NOTE | |||
r-devel-macos-arm64 | 1.0.2 | 48.00 | OK | |||
r-devel-macos-x86_64 | 1.0.2 | 76.00 | NOTE | |||
r-devel-windows-x86_64 | 1.0.2 | 5.00 | 87.00 | 92.00 | NOTE | |
r-patched-linux-x86_64 | 1.0.2 | 1.90 | 57.56 | 59.46 | OK | |
r-release-linux-x86_64 | 1.0.2 | 2.36 | 57.98 | 60.34 | OK | |
r-release-macos-arm64 | 1.0.2 | 40.00 | OK | |||
r-release-macos-x86_64 | 1.0.2 | 98.00 | OK | |||
r-release-windows-x86_64 | 1.0.2 | 4.00 | 76.00 | 80.00 | OK | |
r-oldrel-macos-arm64 | 1.0.2 | 45.00 | OK | |||
r-oldrel-macos-x86_64 | 1.0.2 | 95.00 | OK | |||
r-oldrel-windows-x86_64 | 1.0.2 | 4.00 | 82.00 | 86.00 | OK |
Version: 1.0.2
Check: DESCRIPTION meta-information
Result: NOTE
Missing dependency on R >= 4.1.0 because package code uses the pipe
|> or function shorthand \(...) syntax added in R 4.1.0.
File(s) using such syntax:
‘pivot.R’ ‘utils.R’
Flavors: r-devel-linux-x86_64-debian-clang, r-devel-linux-x86_64-debian-gcc, r-devel-linux-x86_64-fedora-clang, r-devel-linux-x86_64-fedora-gcc, r-devel-macos-x86_64, r-devel-windows-x86_64