Last updated on 2025-02-19 09:50:58 CET.
Flavor | Version | Tinstall | Tcheck | Ttotal | Status | Flags |
---|---|---|---|---|---|---|
r-devel-linux-x86_64-debian-clang | 0.2.2 | 6.64 | 119.69 | 126.33 | NOTE | |
r-devel-linux-x86_64-debian-gcc | 0.2.2 | 4.82 | 85.50 | 90.32 | NOTE | |
r-devel-linux-x86_64-fedora-clang | 0.2.2 | 194.70 | NOTE | |||
r-devel-linux-x86_64-fedora-gcc | 0.2.2 | 200.45 | NOTE | |||
r-devel-macos-arm64 | 0.2.2 | 63.00 | OK | |||
r-devel-macos-x86_64 | 0.2.2 | 161.00 | NOTE | |||
r-devel-windows-x86_64 | 0.2.2 | 8.00 | 127.00 | 135.00 | NOTE | |
r-patched-linux-x86_64 | 0.2.2 | 8.13 | 112.35 | 120.48 | OK | |
r-release-linux-x86_64 | 0.2.2 | 5.81 | 111.15 | 116.96 | OK | |
r-release-macos-arm64 | 0.2.2 | 80.00 | OK | |||
r-release-macos-x86_64 | 0.2.2 | 162.00 | OK | |||
r-release-windows-x86_64 | 0.2.2 | 7.00 | 122.00 | 129.00 | OK | |
r-oldrel-macos-arm64 | 0.2.2 | 75.00 | OK | |||
r-oldrel-macos-x86_64 | 0.2.2 | 160.00 | OK | |||
r-oldrel-windows-x86_64 | 0.2.2 | 8.00 | 168.00 | 176.00 | OK |
Version: 0.2.2
Check: DESCRIPTION meta-information
Result: NOTE
Missing dependency on R >= 4.2.0 because package code uses the pipe
placeholder syntax added in R 4.2.0.
File(s) using such syntax:
‘pipeline.R’
Flavors: r-devel-linux-x86_64-debian-clang, r-devel-linux-x86_64-debian-gcc, r-devel-linux-x86_64-fedora-clang, r-devel-linux-x86_64-fedora-gcc, r-devel-windows-x86_64
Version: 0.2.2
Check: DESCRIPTION meta-information
Result: NOTE
Missing dependency on R >= 4.1.0 because package code uses the pipe
|> or function shorthand \(...) syntax added in R 4.1.0.
File(s) using such syntax:
‘pipeline.R’ ‘pkgname.R’ ‘utils.R’
Flavor: r-devel-macos-x86_64