Last updated on 2025-02-16 09:50:49 CET.
Flavor | Version | Tinstall | Tcheck | Ttotal | Status | Flags |
---|---|---|---|---|---|---|
r-devel-linux-x86_64-debian-clang | 2.1.2 | 10.09 | 77.44 | 87.53 | NOTE | |
r-devel-linux-x86_64-debian-gcc | 2.1.2 | 7.23 | 57.44 | 64.67 | NOTE | |
r-devel-linux-x86_64-fedora-clang | 2.1.2 | 136.46 | OK | |||
r-devel-linux-x86_64-fedora-gcc | 2.1.2 | 127.87 | OK | |||
r-devel-macos-arm64 | 2.1.2 | 43.00 | OK | |||
r-devel-macos-x86_64 | 2.1.2 | 70.00 | OK | |||
r-devel-windows-x86_64 | 2.1.2 | 14.00 | 88.00 | 102.00 | NOTE | |
r-patched-linux-x86_64 | 2.1.2 | 16.59 | 70.13 | 86.72 | OK | |
r-release-linux-x86_64 | 2.1.2 | 9.63 | 71.99 | 81.62 | OK | |
r-release-macos-arm64 | 2.1.2 | 39.00 | OK | |||
r-release-macos-x86_64 | 2.1.2 | 66.00 | OK | |||
r-release-windows-x86_64 | 2.1.2 | 12.00 | 101.00 | 113.00 | OK | |
r-oldrel-macos-arm64 | 2.1.2 | 42.00 | OK | |||
r-oldrel-macos-x86_64 | 2.1.2 | 57.00 | OK | |||
r-oldrel-windows-x86_64 | 2.1.2 | 14.00 | 104.00 | 118.00 | OK |
Version: 2.1.2
Check: Rd cross-references
Result: NOTE
Found the following Rd file(s) with Rd \link{} targets missing package
anchors:
makeEpiRecord.Rd: simNHP.fun
Please provide package anchors for all Rd \link{} targets not in the
package itself and the base packages.
Flavors: r-devel-linux-x86_64-debian-clang, r-devel-linux-x86_64-debian-gcc, r-devel-windows-x86_64