Last updated on 2025-10-27 08:50:02 CET.
| Flavor | Version | Tinstall | Tcheck | Ttotal | Status | Flags |
|---|---|---|---|---|---|---|
| r-devel-linux-x86_64-debian-clang | 1.1.5 | 4.15 | 119.84 | 123.99 | NOTE | |
| r-devel-linux-x86_64-debian-gcc | 1.1.5 | 2.84 | 83.79 | 86.63 | NOTE | |
| r-devel-linux-x86_64-fedora-clang | 1.1.5 | 192.87 | OK | |||
| r-devel-linux-x86_64-fedora-gcc | 1.1.5 | 197.21 | OK | |||
| r-devel-windows-x86_64 | 1.1.5 | 6.00 | 142.00 | 148.00 | OK | |
| r-patched-linux-x86_64 | 1.1.5 | 4.60 | 112.42 | 117.02 | OK | |
| r-release-linux-x86_64 | 1.1.5 | 4.27 | 112.81 | 117.08 | OK | |
| r-release-macos-arm64 | 1.1.5 | 2.00 | 91.00 | 93.00 | OK | |
| r-release-macos-x86_64 | 1.1.5 | 6.00 | 182.00 | 188.00 | OK | |
| r-release-windows-x86_64 | 1.1.5 | 8.00 | 145.00 | 153.00 | OK | |
| r-oldrel-macos-arm64 | 1.1.5 | 2.00 | 93.00 | 95.00 | OK | |
| r-oldrel-macos-x86_64 | 1.1.5 | 3.00 | 125.00 | 128.00 | OK | |
| r-oldrel-windows-x86_64 | 1.1.5 | 9.00 | 181.00 | 190.00 | OK |
Version: 1.1.5
Check: CRAN incoming feasibility
Result: NOTE
Maintainer: ‘Koen Hufkens <koen.hufkens@gmail.com>’
Package CITATION file contains call(s) to old-style personList() or
as.personList(). Please use c() on person objects instead.
Package CITATION file contains call(s) to old-style citEntry(). Please
use bibentry() instead.
Flavors: r-devel-linux-x86_64-debian-clang, r-devel-linux-x86_64-debian-gcc