CRAN Package Check Results for Package phenoCDM

Last updated on 2025-02-19 09:50:58 CET.

Flavor Version Tinstall Tcheck Ttotal Status Flags
r-devel-linux-x86_64-debian-clang 0.1.3 2.35 31.76 34.11 OK
r-devel-linux-x86_64-debian-gcc 0.1.3 1.81 25.75 27.56 OK
r-devel-linux-x86_64-fedora-clang 0.1.3 57.09 OK
r-devel-linux-x86_64-fedora-gcc 0.1.3 69.38 OK
r-devel-macos-arm64 0.1.3 24.00 OK
r-devel-macos-x86_64 0.1.3 47.00 OK
r-devel-windows-x86_64 0.1.3 4.00 64.00 68.00 OK
r-patched-linux-x86_64 0.1.3 2.24 30.26 32.50 NOTE
r-release-linux-x86_64 0.1.3 1.92 30.75 32.67 NOTE
r-release-macos-arm64 0.1.3 25.00 NOTE
r-release-macos-x86_64 0.1.3 39.00 NOTE
r-release-windows-x86_64 0.1.3 3.00 61.00 64.00 NOTE
r-oldrel-macos-arm64 0.1.3 28.00 NOTE
r-oldrel-macos-x86_64 0.1.3 40.00 NOTE
r-oldrel-windows-x86_64 0.1.3 3.00 63.00 66.00 NOTE

Check Details

Version: 0.1.3
Check: LazyData
Result: NOTE 'LazyData' is specified without a 'data' directory Flavors: r-patched-linux-x86_64, r-release-linux-x86_64, r-release-macos-arm64, r-release-macos-x86_64, r-release-windows-x86_64, r-oldrel-macos-arm64, r-oldrel-macos-x86_64, r-oldrel-windows-x86_64