Last updated on 2025-02-16 09:50:49 CET.
Flavor | Version | Tinstall | Tcheck | Ttotal | Status | Flags |
---|---|---|---|---|---|---|
r-devel-linux-x86_64-debian-clang | 1.0.9 | 9.24 | 56.66 | 65.90 | OK | |
r-devel-linux-x86_64-debian-gcc | 1.0.9 | 7.18 | 38.13 | 45.31 | OK | |
r-devel-linux-x86_64-fedora-clang | 1.0.9 | 104.71 | OK | |||
r-devel-linux-x86_64-fedora-gcc | 1.0.9 | 94.99 | OK | |||
r-devel-macos-arm64 | 1.0.9 | 30.00 | OK | |||
r-devel-macos-x86_64 | 1.0.9 | 63.00 | OK | |||
r-devel-windows-x86_64 | 1.0.9 | 10.00 | 77.00 | 87.00 | OK | |
r-patched-linux-x86_64 | 1.0.9 | 9.19 | 52.10 | 61.29 | OK | |
r-release-linux-x86_64 | 1.0.9 | 8.78 | 52.28 | 61.06 | OK | |
r-release-macos-arm64 | 1.0.9 | 28.00 | OK | |||
r-release-macos-x86_64 | 1.0.9 | 46.00 | OK | |||
r-release-windows-x86_64 | 1.0.9 | 12.00 | 69.00 | 81.00 | OK | |
r-oldrel-macos-arm64 | 1.0.9 | 31.00 | OK | |||
r-oldrel-macos-x86_64 | 1.0.9 | 48.00 | NOTE | |||
r-oldrel-windows-x86_64 | 1.0.9 | 14.00 | 97.00 | 111.00 | OK |
Version: 1.0.9
Check: package dependencies
Result: NOTE
Package suggested but not available for checking: ‘BiocParallel’
Flavor: r-oldrel-macos-x86_64