Last updated on 2025-02-19 09:50:58 CET.
Flavor | Version | Tinstall | Tcheck | Ttotal | Status | Flags |
---|---|---|---|---|---|---|
r-devel-linux-x86_64-debian-clang | 1.6 | 7.11 | 57.89 | 65.00 | OK | |
r-devel-linux-x86_64-debian-gcc | 1.6 | 4.99 | 42.34 | 47.33 | OK | |
r-devel-linux-x86_64-fedora-clang | 1.6 | 100.42 | OK | |||
r-devel-linux-x86_64-fedora-gcc | 1.6 | 96.40 | OK | |||
r-devel-macos-arm64 | 1.6 | 30.00 | OK | |||
r-devel-macos-x86_64 | 1.6 | 60.00 | OK | |||
r-devel-windows-x86_64 | 1.6 | 8.00 | 73.00 | 81.00 | OK | |
r-patched-linux-x86_64 | 1.6 | 6.82 | 54.94 | 61.76 | NOTE | |
r-release-linux-x86_64 | 1.6 | 6.71 | 54.51 | 61.22 | NOTE | |
r-release-macos-arm64 | 1.6 | 32.00 | NOTE | |||
r-release-macos-x86_64 | 1.6 | 47.00 | NOTE | |||
r-release-windows-x86_64 | 1.6 | 9.00 | 70.00 | 79.00 | NOTE | |
r-oldrel-macos-arm64 | 1.6 | 34.00 | NOTE | |||
r-oldrel-macos-x86_64 | 1.6 | 57.00 | NOTE | |||
r-oldrel-windows-x86_64 | 1.6 | 10.00 | 86.00 | 96.00 | NOTE |
Version: 1.6
Check: LazyData
Result: NOTE
'LazyData' is specified without a 'data' directory
Flavors: r-patched-linux-x86_64, r-release-linux-x86_64, r-release-macos-arm64, r-release-macos-x86_64, r-release-windows-x86_64, r-oldrel-macos-arm64, r-oldrel-macos-x86_64, r-oldrel-windows-x86_64