Last updated on 2025-02-19 09:50:58 CET.
Flavor | Version | Tinstall | Tcheck | Ttotal | Status | Flags |
---|---|---|---|---|---|---|
r-devel-linux-x86_64-debian-clang | 0.2.5 | 7.63 | 69.41 | 77.04 | NOTE | |
r-devel-linux-x86_64-debian-gcc | 0.2.5 | 4.85 | 50.02 | 54.87 | NOTE | |
r-devel-linux-x86_64-fedora-clang | 0.2.5 | 116.93 | OK | |||
r-devel-linux-x86_64-fedora-gcc | 0.2.5 | 113.00 | OK | |||
r-devel-macos-arm64 | 0.2.5 | 38.00 | OK | |||
r-devel-macos-x86_64 | 0.2.5 | 77.00 | OK | |||
r-devel-windows-x86_64 | 0.2.5 | 9.00 | 81.00 | 90.00 | NOTE | |
r-patched-linux-x86_64 | 0.2.5 | 7.57 | 65.00 | 72.57 | NOTE | |
r-release-linux-x86_64 | 0.2.5 | 7.10 | 64.04 | 71.14 | NOTE | |
r-release-macos-arm64 | 0.2.5 | 36.00 | NOTE | |||
r-release-macos-x86_64 | 0.2.5 | 55.00 | NOTE | |||
r-release-windows-x86_64 | 0.2.5 | 9.00 | 81.00 | 90.00 | NOTE | |
r-oldrel-macos-arm64 | 0.2.5 | 42.00 | NOTE | |||
r-oldrel-macos-x86_64 | 0.2.5 | 64.00 | NOTE | |||
r-oldrel-windows-x86_64 | 0.2.5 | 12.00 | 89.00 | 101.00 | NOTE |
Version: 0.2.5
Check: Rd cross-references
Result: NOTE
Found the following Rd file(s) with Rd \link{} targets missing package
anchors:
exactLR.Rd: coxph
nextStage.Rd: coxph
permHeinze.Rd: coxph
permIPT.Rd: coxph
permIPZ.Rd: coxph
permLR.Rd: coxph
Please provide package anchors for all Rd \link{} targets not in the
package itself and the base packages.
Flavors: r-devel-linux-x86_64-debian-clang, r-devel-linux-x86_64-debian-gcc, r-devel-windows-x86_64
Version: 0.2.5
Check: LazyData
Result: NOTE
'LazyData' is specified without a 'data' directory
Flavors: r-patched-linux-x86_64, r-release-linux-x86_64, r-release-macos-arm64, r-release-macos-x86_64, r-release-windows-x86_64, r-oldrel-macos-arm64, r-oldrel-macos-x86_64, r-oldrel-windows-x86_64