Last updated on 2025-02-16 09:50:48 CET.
Flavor | Version | Tinstall | Tcheck | Ttotal | Status | Flags |
---|---|---|---|---|---|---|
r-devel-linux-x86_64-debian-clang | 0.5.1 | 1.91 | 28.93 | 30.84 | NOTE | |
r-devel-linux-x86_64-debian-gcc | 0.5.1 | 1.41 | 21.86 | 23.27 | NOTE | |
r-devel-linux-x86_64-fedora-clang | 0.5.1 | 51.98 | NOTE | |||
r-devel-linux-x86_64-fedora-gcc | 0.5.1 | 48.02 | NOTE | |||
r-devel-macos-arm64 | 0.5.1 | 20.00 | OK | |||
r-devel-macos-x86_64 | 0.5.1 | 41.00 | NOTE | |||
r-devel-windows-x86_64 | 0.5.1 | 3.00 | 52.00 | 55.00 | NOTE | |
r-patched-linux-x86_64 | 0.5.1 | 1.98 | 27.40 | 29.38 | OK | |
r-release-linux-x86_64 | 0.5.1 | 1.91 | 27.16 | 29.07 | OK | |
r-release-macos-arm64 | 0.5.1 | 20.00 | OK | |||
r-release-macos-x86_64 | 0.5.1 | 42.00 | OK | |||
r-release-windows-x86_64 | 0.5.1 | 3.00 | 51.00 | 54.00 | OK | |
r-oldrel-macos-arm64 | 0.5.1 | 27.00 | OK | |||
r-oldrel-macos-x86_64 | 0.5.1 | 36.00 | OK | |||
r-oldrel-windows-x86_64 | 0.5.1 | 3.00 | 57.00 | 60.00 | OK |
Version: 0.5.1
Check: DESCRIPTION meta-information
Result: NOTE
Missing dependency on R >= 4.1.0 because package code uses the pipe
|> or function shorthand \(...) syntax added in R 4.1.0.
File(s) using such syntax:
‘cv_pensynth.R’
Flavors: r-devel-linux-x86_64-debian-clang, r-devel-linux-x86_64-debian-gcc, r-devel-linux-x86_64-fedora-clang, r-devel-linux-x86_64-fedora-gcc, r-devel-macos-x86_64, r-devel-windows-x86_64