CRAN Package Check Results for Package penppml

Last updated on 2025-04-15 09:52:28 CEST.

Flavor Version Tinstall Tcheck Ttotal Status Flags
r-devel-linux-x86_64-debian-clang 0.2.4 36.44 106.48 142.92 OK
r-devel-linux-x86_64-debian-gcc 0.2.4 26.04 77.71 103.75 OK
r-devel-linux-x86_64-fedora-clang 0.2.4 262.82 NOTE
r-devel-linux-x86_64-fedora-gcc 0.2.4 264.45 NOTE
r-devel-windows-x86_64 0.2.4 40.00 159.00 199.00 OK
r-patched-linux-x86_64 0.2.4 39.49 105.27 144.76 OK
r-release-linux-x86_64 0.2.4 36.32 104.66 140.98 OK
r-release-macos-arm64 0.2.4 72.00 OK
r-release-macos-x86_64 0.2.4 204.00 OK
r-release-windows-x86_64 0.2.4 45.00 139.00 184.00 OK
r-oldrel-macos-arm64 0.2.4 84.00 NOTE
r-oldrel-macos-x86_64 0.2.4 180.00 NOTE
r-oldrel-windows-x86_64 0.2.4 51.00 168.00 219.00 OK

Check Details

Version: 0.2.4
Check: dependencies in R code
Result: NOTE Namespace in Imports field not imported from: ‘fixest’ All declared Imports should be used. Flavors: r-devel-linux-x86_64-fedora-clang, r-devel-linux-x86_64-fedora-gcc

Version: 0.2.4
Check: installed package size
Result: NOTE installed size is 11.2Mb sub-directories of 1Mb or more: data 1.8Mb libs 9.1Mb Flavors: r-oldrel-macos-arm64, r-oldrel-macos-x86_64