Last updated on 2025-02-19 09:50:58 CET.
Flavor | Version | Tinstall | Tcheck | Ttotal | Status | Flags |
---|---|---|---|---|---|---|
r-devel-linux-x86_64-debian-clang | 1.0.2 | 98.48 | 72.56 | 171.04 | NOTE | |
r-devel-linux-x86_64-debian-gcc | 1.0.2 | 70.05 | 61.45 | 131.50 | NOTE | |
r-devel-linux-x86_64-fedora-clang | 1.0.2 | 331.93 | NOTE | |||
r-devel-linux-x86_64-fedora-gcc | 1.0.2 | 314.58 | NOTE | |||
r-devel-macos-arm64 | 1.0.2 | 68.00 | NOTE | |||
r-devel-macos-x86_64 | 1.0.2 | 97.00 | NOTE | |||
r-devel-windows-x86_64 | 1.0.2 | 112.00 | 97.00 | 209.00 | NOTE | |
r-patched-linux-x86_64 | 1.0.2 | 105.91 | 69.41 | 175.32 | NOTE | |
r-release-linux-x86_64 | 1.0.2 | 105.44 | 69.56 | 175.00 | NOTE | |
r-release-macos-arm64 | 1.0.2 | 76.00 | NOTE | |||
r-release-macos-x86_64 | 1.0.2 | 85.00 | NOTE | |||
r-release-windows-x86_64 | 1.0.2 | 112.00 | 98.00 | 210.00 | NOTE | |
r-oldrel-macos-arm64 | 1.0.2 | 91.00 | NOTE | |||
r-oldrel-macos-x86_64 | 1.0.2 | 151.00 | NOTE | |||
r-oldrel-windows-x86_64 | 1.0.2 | 133.00 | 118.00 | 251.00 | NOTE |
Version: 1.0.2
Check: C++ specification
Result: NOTE
Specified C++11: please drop specification unless essential
Flavors: r-devel-linux-x86_64-debian-clang, r-devel-linux-x86_64-debian-gcc, r-devel-linux-x86_64-fedora-clang, r-devel-linux-x86_64-fedora-gcc, r-devel-macos-arm64, r-devel-macos-x86_64, r-devel-windows-x86_64, r-patched-linux-x86_64, r-release-linux-x86_64, r-release-macos-arm64, r-release-macos-x86_64, r-release-windows-x86_64, r-oldrel-macos-arm64, r-oldrel-macos-x86_64, r-oldrel-windows-x86_64
Version: 1.0.2
Check: installed package size
Result: NOTE
installed size is 5.9Mb
sub-directories of 1Mb or more:
libs 5.7Mb
Flavors: r-release-macos-arm64, r-release-macos-x86_64, r-oldrel-macos-arm64, r-oldrel-macos-x86_64