Last updated on 2025-02-16 09:50:48 CET.
Flavor | Version | Tinstall | Tcheck | Ttotal | Status | Flags |
---|---|---|---|---|---|---|
r-devel-linux-x86_64-debian-clang | 0.9.4 | 8.67 | 64.77 | 73.44 | NOTE | |
r-devel-linux-x86_64-debian-gcc | 0.9.4 | 5.61 | 47.16 | 52.77 | NOTE | |
r-devel-linux-x86_64-fedora-clang | 0.9.4 | 122.91 | OK | |||
r-devel-linux-x86_64-fedora-gcc | 0.9.4 | 109.20 | OK | |||
r-devel-macos-arm64 | 0.9.4 | 34.00 | OK | |||
r-devel-macos-x86_64 | 0.9.4 | 62.00 | OK | |||
r-devel-windows-x86_64 | 0.9.4 | 10.00 | 76.00 | 86.00 | NOTE | |
r-patched-linux-x86_64 | 0.9.4 | 11.72 | 61.52 | 73.24 | OK | |
r-release-linux-x86_64 | 0.9.4 | 8.00 | 61.28 | 69.28 | OK | |
r-release-macos-arm64 | 0.9.4 | 34.00 | OK | |||
r-release-macos-x86_64 | 0.9.4 | 51.00 | OK | |||
r-release-windows-x86_64 | 0.9.4 | 10.00 | 78.00 | 88.00 | OK | |
r-oldrel-macos-arm64 | 0.9.4 | 38.00 | OK | |||
r-oldrel-macos-x86_64 | 0.9.4 | 90.00 | OK | |||
r-oldrel-windows-x86_64 | 0.9.4 | 11.00 | 94.00 | 105.00 | OK |
Version: 0.9.4
Check: Rd cross-references
Result: NOTE
Found the following Rd file(s) with Rd \link{} targets missing package
anchors:
genoCombinations.Rd: ped, marker
likelihood.Rd: marker, breakLoops
merlin.Rd: ped
oneMarkerDistribution.Rd: breakLoops
twoMarkerDistribution.Rd: breakLoops
Please provide package anchors for all Rd \link{} targets not in the
package itself and the base packages.
Flavors: r-devel-linux-x86_64-debian-clang, r-devel-linux-x86_64-debian-gcc, r-devel-windows-x86_64