CRAN Package Check Results for Package pdmod

Last updated on 2025-02-16 09:50:48 CET.

Flavor Version Tinstall Tcheck Ttotal Status Flags
r-devel-linux-x86_64-debian-clang 1.0.1 2.61 44.37 46.98 NOTE
r-devel-linux-x86_64-debian-gcc 1.0.1 2.11 30.87 32.98 NOTE
r-devel-linux-x86_64-fedora-clang 1.0.1 77.00 OK
r-devel-linux-x86_64-fedora-gcc 1.0.1 85.33 OK
r-devel-macos-arm64 1.0.1 26.00 OK
r-devel-macos-x86_64 1.0.1 54.00 OK
r-devel-windows-x86_64 1.0.1 5.00 82.00 87.00 NOTE
r-patched-linux-x86_64 1.0.1 3.55 43.06 46.61 OK
r-release-linux-x86_64 1.0.1 2.31 43.38 45.69 OK
r-release-macos-arm64 1.0.1 29.00 OK
r-release-macos-x86_64 1.0.1 43.00 OK
r-release-windows-x86_64 1.0.1 6.00 78.00 84.00 OK
r-oldrel-macos-arm64 1.0.1 38.00 OK
r-oldrel-macos-x86_64 1.0.1 58.00 OK
r-oldrel-windows-x86_64 1.0.1 6.00 75.00 81.00 OK

Check Details

Version: 1.0.1
Check: Rd cross-references
Result: NOTE Found the following Rd file(s) with Rd \link{} targets missing package anchors: fitModel.Rd: nsga2 Please provide package anchors for all Rd \link{} targets not in the package itself and the base packages. Flavors: r-devel-linux-x86_64-debian-clang, r-devel-linux-x86_64-debian-gcc, r-devel-windows-x86_64