Last updated on 2025-02-16 09:50:48 CET.
Flavor | Version | Tinstall | Tcheck | Ttotal | Status | Flags |
---|---|---|---|---|---|---|
r-devel-linux-x86_64-debian-clang | 1.0 | 1.16 | 21.28 | 22.44 | OK | |
r-devel-linux-x86_64-debian-gcc | 1.0 | 1.57 | 18.39 | 19.96 | OK | |
r-devel-linux-x86_64-fedora-clang | 1.0 | 38.76 | OK | |||
r-devel-linux-x86_64-fedora-gcc | 1.0 | 37.31 | OK | |||
r-devel-macos-arm64 | 1.0 | 17.00 | OK | |||
r-devel-macos-x86_64 | 1.0 | 28.00 | OK | |||
r-devel-windows-x86_64 | 1.0 | 3.00 | 55.00 | 58.00 | OK | |
r-patched-linux-x86_64 | 1.0 | 1.78 | 20.65 | 22.43 | NOTE | |
r-release-linux-x86_64 | 1.0 | 1.65 | 20.55 | 22.20 | NOTE | |
r-release-macos-arm64 | 1.0 | 17.00 | NOTE | |||
r-release-macos-x86_64 | 1.0 | 24.00 | NOTE | |||
r-release-windows-x86_64 | 1.0 | 2.00 | 50.00 | 52.00 | NOTE | |
r-oldrel-macos-arm64 | 1.0 | 18.00 | NOTE | |||
r-oldrel-macos-x86_64 | 1.0 | 23.00 | NOTE | |||
r-oldrel-windows-x86_64 | 1.0 | 3.00 | 71.00 | 74.00 | NOTE |
Version: 1.0
Check: package dependencies
Result: NOTE
Package suggested but not available for checking: ‘PythonInR’
Flavors: r-patched-linux-x86_64, r-release-linux-x86_64, r-release-macos-arm64, r-release-macos-x86_64, r-release-windows-x86_64, r-oldrel-macos-arm64, r-oldrel-macos-x86_64, r-oldrel-windows-x86_64