CRAN Package Check Results for Package pccc

Last updated on 2025-02-16 09:50:48 CET.

Flavor Version Tinstall Tcheck Ttotal Status Flags
r-devel-linux-x86_64-debian-clang 1.0.5 33.74 55.92 89.66 NOTE
r-devel-linux-x86_64-debian-gcc 1.0.5 15.36 42.99 58.35 NOTE
r-devel-linux-x86_64-fedora-clang 1.0.5 144.20 NOTE
r-devel-linux-x86_64-fedora-gcc 1.0.5 142.37 NOTE
r-devel-macos-arm64 1.0.5 57.00 NOTE
r-devel-macos-x86_64 1.0.5 99.00 NOTE
r-devel-windows-x86_64 1.0.5 35.00 93.00 128.00 NOTE
r-patched-linux-x86_64 1.0.5 22.68 52.57 75.25 NOTE
r-release-linux-x86_64 1.0.5 21.28 52.82 74.10 NOTE
r-release-macos-arm64 1.0.5 53.00 NOTE
r-release-macos-x86_64 1.0.5 77.00 NOTE
r-release-windows-x86_64 1.0.5 34.00 94.00 128.00 NOTE
r-oldrel-macos-arm64 1.0.5 65.00 NOTE
r-oldrel-macos-x86_64 1.0.5 90.00 NOTE
r-oldrel-windows-x86_64 1.0.5 48.00 110.00 158.00 NOTE

Check Details

Version: 1.0.5
Check: C++ specification
Result: NOTE Specified C++11: please drop specification unless essential Flavors: r-devel-linux-x86_64-debian-clang, r-devel-linux-x86_64-debian-gcc, r-devel-linux-x86_64-fedora-clang, r-devel-linux-x86_64-fedora-gcc, r-devel-macos-arm64, r-devel-macos-x86_64, r-devel-windows-x86_64, r-patched-linux-x86_64, r-release-linux-x86_64, r-release-macos-arm64, r-release-macos-x86_64, r-release-windows-x86_64, r-oldrel-macos-arm64, r-oldrel-macos-x86_64, r-oldrel-windows-x86_64