Last updated on 2025-10-27 08:50:01 CET.
| Flavor | Version | Tinstall | Tcheck | Ttotal | Status | Flags |
|---|---|---|---|---|---|---|
| r-devel-linux-x86_64-debian-clang | 1.1.0 | 48.93 | 28.06 | 76.99 | OK | |
| r-devel-linux-x86_64-debian-gcc | 1.1.0 | 40.30 | 27.10 | 67.40 | OK | |
| r-devel-linux-x86_64-fedora-clang | 1.1.0 | 125.00 | -6.87 | 118.13 | OK | |
| r-devel-linux-x86_64-fedora-gcc | 1.1.0 | 114.00 | 20.62 | 134.62 | OK | |
| r-devel-windows-x86_64 | 1.1.0 | 57.00 | 70.00 | 127.00 | OK | |
| r-patched-linux-x86_64 | 1.1.0 | 55.95 | 32.21 | 88.16 | OK | |
| r-release-linux-x86_64 | 1.1.0 | 53.72 | 32.21 | 85.93 | OK | |
| r-release-macos-arm64 | 1.1.0 | 24.00 | 18.00 | 42.00 | OK | |
| r-release-macos-x86_64 | 1.1.0 | 45.00 | 28.00 | 73.00 | OK | |
| r-release-windows-x86_64 | 1.1.0 | 57.00 | 68.00 | 125.00 | OK | |
| r-oldrel-macos-arm64 | 1.1.0 | 22.00 | 17.00 | 39.00 | NOTE | |
| r-oldrel-macos-x86_64 | 1.1.0 | 48.00 | 26.00 | 74.00 | NOTE | |
| r-oldrel-windows-x86_64 | 1.1.0 | 68.00 | 83.00 | 151.00 | NOTE |
Version: 1.1.0
Check: installed package size
Result: NOTE
installed size is 27.6Mb
sub-directories of 1Mb or more:
libs 27.5Mb
Flavors: r-oldrel-macos-arm64, r-oldrel-macos-x86_64
Version: 1.1.0
Check: for GNU extensions in Makefiles
Result: NOTE
GNU make is a SystemRequirements.
Flavors: r-oldrel-macos-arm64, r-oldrel-macos-x86_64, r-oldrel-windows-x86_64