Last updated on 2025-04-16 09:53:07 CEST.
Flavor | Version | Tinstall | Tcheck | Ttotal | Status | Flags |
---|---|---|---|---|---|---|
r-devel-linux-x86_64-debian-clang | 0.9.0 | 1649.57 | 455.50 | 2105.07 | OK | |
r-devel-linux-x86_64-debian-gcc | 0.9.0 | 1299.29 | 298.26 | 1597.55 | OK | |
r-devel-linux-x86_64-fedora-clang | 0.9.0 | 3871.92 | OK | |||
r-devel-linux-x86_64-fedora-gcc | 0.9.0 | 2864.29 | OK | |||
r-devel-windows-x86_64 | 0.9.0 | 1228.00 | 612.00 | 1840.00 | OK | |
r-patched-linux-x86_64 | 0.9.0 | 1656.89 | 441.94 | 2098.83 | OK | |
r-release-linux-x86_64 | 0.9.0 | 1774.89 | 432.77 | 2207.66 | OK | |
r-release-macos-arm64 | 0.9.0 | 1803.00 | OK | |||
r-release-macos-x86_64 | 0.9.0 | 1802.00 | ERROR | |||
r-release-windows-x86_64 | 0.9.0 | 1193.00 | 638.00 | 1831.00 | OK | |
r-oldrel-macos-arm64 | 0.9.0 | 1758.00 | NOTE | |||
r-oldrel-macos-x86_64 | 0.9.0 | 1238.00 | NOTE | |||
r-oldrel-windows-x86_64 | 0.9.0 | 1709.00 | 679.00 | 2388.00 | NOTE |
Version: 0.9.0
Check: whether package can be installed
Result: ERROR
Installation failed.
Flavor: r-release-macos-x86_64
Version: 0.9.0
Check: installed package size
Result: NOTE
installed size is 11.5Mb
sub-directories of 1Mb or more:
R 8.4Mb
help 2.8Mb
Flavors: r-oldrel-macos-arm64, r-oldrel-macos-x86_64, r-oldrel-windows-x86_64