Last updated on 2025-02-16 09:50:48 CET.
Flavor | Version | Tinstall | Tcheck | Ttotal | Status | Flags |
---|---|---|---|---|---|---|
r-devel-linux-x86_64-debian-clang | 0.1.0 | 2.14 | 21.97 | 24.11 | OK | |
r-devel-linux-x86_64-debian-gcc | 0.1.0 | 1.61 | 16.65 | 18.26 | OK | |
r-devel-linux-x86_64-fedora-clang | 0.1.0 | 38.78 | NOTE | |||
r-devel-linux-x86_64-fedora-gcc | 0.1.0 | 35.58 | NOTE | |||
r-devel-macos-arm64 | 0.1.0 | 15.00 | OK | |||
r-devel-macos-x86_64 | 0.1.0 | 23.00 | OK | |||
r-devel-windows-x86_64 | 0.1.0 | 3.00 | 42.00 | 45.00 | OK | |
r-patched-linux-x86_64 | 0.1.0 | 2.03 | 20.22 | 22.25 | OK | |
r-release-linux-x86_64 | 0.1.0 | 1.83 | 20.33 | 22.16 | OK | |
r-release-macos-arm64 | 0.1.0 | 16.00 | OK | |||
r-release-macos-x86_64 | 0.1.0 | 21.00 | OK | |||
r-release-windows-x86_64 | 0.1.0 | 2.00 | 44.00 | 46.00 | OK | |
r-oldrel-macos-arm64 | 0.1.0 | 17.00 | OK | |||
r-oldrel-macos-x86_64 | 0.1.0 | 23.00 | OK | |||
r-oldrel-windows-x86_64 | 0.1.0 | 3.00 | 44.00 | 47.00 | OK |
Version: 0.1.0
Check: dependencies in R code
Result: NOTE
Namespace in Imports field not imported from: ‘graphics’
All declared Imports should be used.
Flavors: r-devel-linux-x86_64-fedora-clang, r-devel-linux-x86_64-fedora-gcc