Last updated on 2025-02-16 09:50:48 CET.
Flavor | Version | Tinstall | Tcheck | Ttotal | Status | Flags |
---|---|---|---|---|---|---|
r-devel-linux-x86_64-debian-clang | 0.1.0 | 3.82 | 37.54 | 41.36 | OK | |
r-devel-linux-x86_64-debian-gcc | 0.1.0 | 3.18 | 26.92 | 30.10 | OK | |
r-devel-linux-x86_64-fedora-clang | 0.1.0 | 68.71 | NOTE | |||
r-devel-linux-x86_64-fedora-gcc | 0.1.0 | 64.37 | NOTE | |||
r-devel-macos-arm64 | 0.1.0 | 23.00 | OK | |||
r-devel-macos-x86_64 | 0.1.0 | 43.00 | OK | |||
r-devel-windows-x86_64 | 0.1.0 | 6.00 | 53.00 | 59.00 | OK | |
r-patched-linux-x86_64 | 0.1.0 | 3.66 | 35.45 | 39.11 | OK | |
r-release-linux-x86_64 | 0.1.0 | 3.81 | 35.16 | 38.97 | OK | |
r-release-macos-arm64 | 0.1.0 | 21.00 | OK | |||
r-release-macos-x86_64 | 0.1.0 | 32.00 | OK | |||
r-release-windows-x86_64 | 0.1.0 | 6.00 | 54.00 | 60.00 | OK | |
r-oldrel-macos-arm64 | 0.1.0 | 24.00 | OK | |||
r-oldrel-macos-x86_64 | 0.1.0 | 37.00 | OK | |||
r-oldrel-windows-x86_64 | 0.1.0 | 7.00 | 60.00 | 67.00 | OK |
Version: 0.1.0
Check: dependencies in R code
Result: NOTE
Namespaces in Imports field not imported from:
‘testthat’ ‘usethis’ ‘utils’
All declared Imports should be used.
Flavors: r-devel-linux-x86_64-fedora-clang, r-devel-linux-x86_64-fedora-gcc