Last updated on 2025-02-19 09:50:58 CET.
Flavor | Version | Tinstall | Tcheck | Ttotal | Status | Flags |
---|---|---|---|---|---|---|
r-devel-linux-x86_64-debian-clang | 1.4.3 | 150.82 | 30.27 | 181.09 | OK | |
r-devel-linux-x86_64-debian-gcc | 1.4.3 | 118.31 | 23.16 | 141.47 | OK | |
r-devel-linux-x86_64-fedora-clang | 1.4.3 | 356.29 | OK | |||
r-devel-linux-x86_64-fedora-gcc | 1.4.3 | 456.99 | OK | |||
r-devel-macos-arm64 | 1.4.3 | 79.00 | OK | |||
r-devel-macos-x86_64 | 1.4.3 | 102.00 | OK | |||
r-devel-windows-x86_64 | 1.4.3 | 156.00 | 84.00 | 240.00 | OK | |
r-patched-linux-x86_64 | 1.4.3 | 167.40 | 28.86 | 196.26 | OK | |
r-release-linux-x86_64 | 1.4.3 | 165.75 | 28.15 | 193.90 | OK | |
r-release-macos-arm64 | 1.4.3 | 110.00 | NOTE | |||
r-release-macos-x86_64 | 1.4.3 | 170.00 | NOTE | |||
r-release-windows-x86_64 | 1.4.3 | 158.00 | 85.00 | 243.00 | OK | |
r-oldrel-macos-arm64 | 1.4.3 | 122.00 | NOTE | |||
r-oldrel-macos-x86_64 | 1.4.3 | 225.00 | NOTE | |||
r-oldrel-windows-x86_64 | 1.4.3 | 146.00 | 116.00 | 262.00 | OK |
Version: 1.4.3
Check: installed package size
Result: NOTE
installed size is 16.5Mb
sub-directories of 1Mb or more:
libs 16.1Mb
Flavors: r-release-macos-arm64, r-release-macos-x86_64, r-oldrel-macos-arm64, r-oldrel-macos-x86_64