Last updated on 2025-02-19 09:50:58 CET.
Flavor | Version | Tinstall | Tcheck | Ttotal | Status | Flags |
---|---|---|---|---|---|---|
r-devel-linux-x86_64-debian-clang | 1.0.0 | 24.27 | 190.57 | 214.84 | NOTE | |
r-devel-linux-x86_64-debian-gcc | 1.0.0 | 13.38 | 113.84 | 127.22 | NOTE | |
r-devel-linux-x86_64-fedora-clang | 1.0.0 | 332.27 | OK | |||
r-devel-linux-x86_64-fedora-gcc | 1.0.0 | 328.61 | OK | |||
r-devel-macos-arm64 | 1.0.0 | 58.00 | OK | |||
r-devel-macos-x86_64 | 1.0.0 | 126.00 | OK | |||
r-devel-windows-x86_64 | 1.0.0 | 20.00 | 154.00 | 174.00 | NOTE | |
r-patched-linux-x86_64 | 1.0.0 | 23.43 | 178.82 | 202.25 | OK | |
r-release-linux-x86_64 | 1.0.0 | 20.59 | 180.37 | 200.96 | OK | |
r-release-macos-arm64 | 1.0.0 | 62.00 | OK | |||
r-release-macos-x86_64 | 1.0.0 | 99.00 | OK | |||
r-release-windows-x86_64 | 1.0.0 | 19.00 | 154.00 | 173.00 | OK | |
r-oldrel-macos-arm64 | 1.0.0 | 69.00 | OK | |||
r-oldrel-macos-x86_64 | 1.0.0 | 190.00 | OK | |||
r-oldrel-windows-x86_64 | 1.0.0 | 18.00 | 229.00 | 247.00 | OK |
Version: 1.0.0
Check: Rd cross-references
Result: NOTE
Found the following Rd file(s) with Rd \link{} targets missing package
anchors:
pbdb_map.Rd: map
pbdb_map_occur.Rd: map
pbdb_map_richness.Rd: map
Please provide package anchors for all Rd \link{} targets not in the
package itself and the base packages.
Flavors: r-devel-linux-x86_64-debian-clang, r-devel-linux-x86_64-debian-gcc, r-devel-windows-x86_64