Last updated on 2025-02-16 09:50:48 CET.
Flavor | Version | Tinstall | Tcheck | Ttotal | Status | Flags |
---|---|---|---|---|---|---|
r-devel-linux-x86_64-debian-clang | 2.1-3 | 11.15 | 159.38 | 170.53 | NOTE | |
r-devel-linux-x86_64-debian-gcc | 2.1-3 | 8.53 | 113.13 | 121.66 | NOTE | |
r-devel-linux-x86_64-fedora-clang | 2.1-3 | 289.35 | NOTE | |||
r-devel-linux-x86_64-fedora-gcc | 2.1-3 | 2164.12 | ERROR | |||
r-devel-macos-arm64 | 2.1-3 | 81.00 | NOTE | |||
r-devel-macos-x86_64 | 2.1-3 | 177.00 | NOTE | |||
r-devel-windows-x86_64 | 2.1-3 | 12.00 | 171.00 | 183.00 | NOTE | |
r-patched-linux-x86_64 | 2.1-3 | 17.15 | 147.41 | 164.56 | NOTE | |
r-release-linux-x86_64 | 2.1-3 | 10.12 | 148.02 | 158.14 | NOTE | |
r-release-macos-arm64 | 2.1-3 | 85.00 | NOTE | |||
r-release-macos-x86_64 | 2.1-3 | 124.00 | NOTE | |||
r-release-windows-x86_64 | 2.1-3 | 12.00 | 168.00 | 180.00 | NOTE | |
r-oldrel-macos-arm64 | 2.1-3 | 73.00 | OK | |||
r-oldrel-macos-x86_64 | 2.1-3 | 133.00 | OK | |||
r-oldrel-windows-x86_64 | 2.1-3 | 17.00 | 201.00 | 218.00 | OK |
Version: 2.1-3
Check: Rd files
Result: NOTE
checkRd: (-1) jointsig.Rd:43: Lost braces in \itemize; \value handles \item{}{} directly
checkRd: (-1) jointsig.Rd:44-45: Lost braces in \itemize; \value handles \item{}{} directly
checkRd: (-1) jointsig.Rd:46-48: Lost braces in \itemize; \value handles \item{}{} directly
checkRd: (-1) jointsig.Rd:49-50: Lost braces in \itemize; \value handles \item{}{} directly
checkRd: (-1) jointsig.Rd:51-52: Lost braces in \itemize; \value handles \item{}{} directly
checkRd: (-1) jointsig.Rd:53: Lost braces in \itemize; \value handles \item{}{} directly
checkRd: (-1) obs.cor.Rd:114-118: Lost braces in \itemize; \value handles \item{}{} directly
checkRd: (-1) obs.cor.Rd:119-122: Lost braces in \itemize; \value handles \item{}{} directly
checkRd: (-1) obs.cor.Rd:123-124: Lost braces in \itemize; \value handles \item{}{} directly
checkRd: (-1) predict.agelme.Rd:25: Lost braces in \itemize; \value handles \item{}{} directly
checkRd: (-1) predict.agelme.Rd:26: Lost braces in \itemize; \value handles \item{}{} directly
checkRd: (-1) predict.agelme.Rd:27: Lost braces in \itemize; \value handles \item{}{} directly
checkRd: (-1) predict.agelme.Rd:28: Lost braces in \itemize; \value handles \item{}{} directly
checkRd: (-1) predict.agelme.Rd:29: Lost braces in \itemize; \value handles \item{}{} directly
checkRd: (-1) randomTF.Rd:97: Lost braces in \itemize; \value handles \item{}{} directly
checkRd: (-1) randomTF.Rd:98-99: Lost braces in \itemize; \value handles \item{}{} directly
checkRd: (-1) randomTF.Rd:100-103: Lost braces in \itemize; \value handles \item{}{} directly
checkRd: (-1) randomTF.Rd:104-105: Lost braces in \itemize; \value handles \item{}{} directly
checkRd: (-1) randomTF.Rd:106-107: Lost braces in \itemize; \value handles \item{}{} directly
checkRd: (-1) randomTF.Rd:108: Lost braces in \itemize; \value handles \item{}{} directly
checkRd: (-1) rne.Rd:46: Lost braces in \itemize; \value handles \item{}{} directly
checkRd: (-1) rne.Rd:47-48: Lost braces in \itemize; \value handles \item{}{} directly
Flavors: r-devel-linux-x86_64-debian-clang, r-devel-linux-x86_64-debian-gcc, r-devel-linux-x86_64-fedora-clang, r-devel-linux-x86_64-fedora-gcc, r-devel-macos-arm64, r-devel-macos-x86_64, r-devel-windows-x86_64, r-patched-linux-x86_64, r-release-linux-x86_64, r-release-macos-arm64, r-release-macos-x86_64, r-release-windows-x86_64
Version: 2.1-3
Check: Rd cross-references
Result: NOTE
Found the following Rd file(s) with Rd \link{} targets missing package
anchors:
Hill.N2.core.Rd: Hill.N2
palaeoSig-package.Rd: rda
Please provide package anchors for all Rd \link{} targets not in the
package itself and the base packages.
Flavors: r-devel-linux-x86_64-debian-clang, r-devel-linux-x86_64-debian-gcc, r-devel-windows-x86_64
Version: 2.1-3
Check: re-building of vignette outputs
Result: ERROR
Error(s) in re-building vignettes:
--- re-building ‘h-block-crossvalidation.Rmd’ using rmarkdown
# A tibble: 1 × 1
RMSE
<dbl>
1 1.28
** Processing: /data/gannet/ripley/R/packages/tests-devel/palaeoSig.Rcheck/vign_test/palaeoSig/vignettes/h-block-crossvalidation_files/figure-html/unnamed-chunk-4-1.png
288x288 pixels, 3x8 bits/pixel, RGB
Input IDAT size = 12132 bytes
Input file size = 12222 bytes
Trying:
zc = 9 zm = 8 zs = 0 f = 0 IDAT size = 8860
zc = 9 zm = 8 zs = 1 f = 0
zc = 1 zm = 8 zs = 2 f = 0
zc = 9 zm = 8 zs = 3 f = 0
zc = 9 zm = 8 zs = 0 f = 5
zc = 9 zm = 8 zs = 1 f = 5
zc = 1 zm = 8 zs = 2 f = 5
zc = 9 zm = 8 zs = 3 f = 5
Selecting parameters:
zc = 9 zm = 8 zs = 0 f = 0 IDAT size = 8860
Output IDAT size = 8860 bytes (3272 bytes decrease)
Output file size = 8938 bytes (3284 bytes = 26.87% decrease)
** Processing: /data/gannet/ripley/R/packages/tests-devel/palaeoSig.Rcheck/vign_test/palaeoSig/vignettes/h-block-crossvalidation_files/figure-html/unnamed-chunk-5-1.png
288x288 pixels, 3x8 bits/pixel, RGB
Input IDAT size = 11367 bytes
Input file size = 11457 bytes
Trying:
zc = 9 zm = 8 zs = 0 f = 0 IDAT size = 8721
zc = 9 zm = 8 zs = 1 f = 0
zc = 1 zm = 8 zs = 2 f = 0
zc = 9 zm = 8 zs = 3 f = 0
zc = 9 zm = 8 zs = 0 f = 5
zc = 9 zm = 8 zs = 1 f = 5
zc = 1 zm = 8 zs = 2 f = 5
zc = 9 zm = 8 zs = 3 f = 5
Selecting parameters:
zc = 9 zm = 8 zs = 0 f = 0 IDAT size = 8721
Output IDAT size = 8721 bytes (2646 bytes decrease)
Output file size = 8799 bytes (2658 bytes = 23.20% decrease)
** Processing: /data/gannet/ripley/R/packages/tests-devel/palaeoSig.Rcheck/vign_test/palaeoSig/vignettes/h-block-crossvalidation_files/figure-html/unnamed-chunk-6-1.png
288x288 pixels, 3x8 bits/pixel, RGB
Input IDAT size = 12477 bytes
Input file size = 12567 bytes
Trying:
zc = 9 zm = 8 zs = 0 f = 0 IDAT size = 9348
zc = 9 zm = 8 zs = 1 f = 0
zc = 1 zm = 8 zs = 2 f = 0
zc = 9 zm = 8 zs = 3 f = 0
zc = 9 zm = 8 zs = 0 f = 5
zc = 9 zm = 8 zs = 1 f = 5
zc = 1 zm = 8 zs = 2 f = 5
zc = 9 zm = 8 zs = 3 f = 5
Selecting parameters:
zc = 9 zm = 8 zs = 0 f = 0 IDAT size = 9348
Output IDAT size = 9348 bytes (3129 bytes decrease)
Output file size = 9426 bytes (3141 bytes = 24.99% decrease)
** Processing: /data/gannet/ripley/R/packages/tests-devel/palaeoSig.Rcheck/vign_test/palaeoSig/vignettes/h-block-crossvalidation_files/figure-html/unnamed-chunk-8-1.png
288x288 pixels, 8 bits/pixel, 256 colors in palette
Reducing image to 8 bits/pixel, grayscale
Input IDAT size = 16021 bytes
Input file size = 16891 bytes
Trying:
zc = 9 zm = 8 zs = 0 f = 0 IDAT size = 15557
zc = 9 zm = 8 zs = 1 f = 0
zc = 1 zm = 8 zs = 2 f = 0
zc = 9 zm = 8 zs = 3 f = 0
zc = 9 zm = 8 zs = 0 f = 5
zc = 9 zm = 8 zs = 1 f = 5
zc = 1 zm = 8 zs = 2 f = 5
zc = 9 zm = 8 zs = 3 f = 5
Selecting parameters:
zc = 9 zm = 8 zs = 0 f = 0 IDAT size = 15557
Output IDAT size = 15557 bytes (464 bytes decrease)
Output file size = 15635 bytes (1256 bytes = 7.44% decrease)
** Processing: /data/gannet/ripley/R/packages/tests-devel/palaeoSig.Rcheck/vign_test/palaeoSig/vignettes/h-block-crossvalidation_files/figure-html/unnamed-chunk-9-1.png
288x288 pixels, 8 bits/pixel, 243 colors in palette
Reducing image to 8 bits/pixel, grayscale
Input IDAT size = 3314 bytes
Input file size = 4133 bytes
Trying:
zc = 9 zm = 8 zs = 0 f = 0 IDAT size = 2944
zc = 9 zm = 8 zs = 1 f = 0 IDAT size = 2936
zc = 1 zm = 8 zs = 2 f = 0
zc = 9 zm = 8 zs = 3 f = 0
zc = 9 zm = 8 zs = 0 f = 5
zc = 9 zm = 8 zs = 1 f = 5
zc = 1 zm = 8 zs = 2 f = 5
zc = 9 zm = 8 zs = 3 f = 5
Selecting parameters:
zc = 9 zm = 8 zs = 1 f = 0 IDAT size = 2936
Output IDAT size = 2936 bytes (378 bytes decrease)
Output file size = 3014 bytes (1119 bytes = 27.07% decrease)
Warning in so_squares < (min(so_squares) + 0.1 * range(so_squares)) :
longer object length is not a multiple of shorter object length
# A tibble: 1 × 1
h
<dbl>
1 900
Warning in so_squares < (min(so_squares) + 0.1 * range(so_squares)) :
longer object length is not a multiple of shorter object length
# A tibble: 1 × 1
h
<dbl>
1 900
--- finished re-building ‘h-block-crossvalidation.Rmd’
--- re-building ‘randomTF-spatial.Rmd’ using rmarkdown
** Processing: /data/gannet/ripley/R/packages/tests-devel/palaeoSig.Rcheck/vign_test/palaeoSig/vignettes/randomTF-spatial_files/figure-html/unnamed-chunk-4-1.png
288x288 pixels, 3x8 bits/pixel, RGB
Input IDAT size = 11918 bytes
Input file size = 12008 bytes
Trying:
zc = 9 zm = 8 zs = 0 f = 0 IDAT size = 9212
zc = 9 zm = 8 zs = 1 f = 0
zc = 1 zm = 8 zs = 2 f = 0
zc = 9 zm = 8 zs = 3 f = 0
zc = 9 zm = 8 zs = 0 f = 5
zc = 9 zm = 8 zs = 1 f = 5
zc = 1 zm = 8 zs = 2 f = 5
zc = 9 zm = 8 zs = 3 f = 5
Selecting parameters:
zc = 9 zm = 8 zs = 0 f = 0 IDAT size = 9212
Output IDAT size = 9212 bytes (2706 bytes decrease)
Output file size = 9290 bytes (2718 bytes = 22.63% decrease)
SUMMARY: processing the following file failed:
‘randomTF-spatial.Rmd’
Error: Vignette re-building failed.
Execution halted
Flavor: r-devel-linux-x86_64-fedora-gcc