Last updated on 2025-10-27 08:50:01 CET.
| Flavor | Version | Tinstall | Tcheck | Ttotal | Status | Flags |
|---|---|---|---|---|---|---|
| r-devel-linux-x86_64-debian-clang | 1.2-4 | 7.42 | 93.12 | 100.54 | NOTE | |
| r-devel-linux-x86_64-debian-gcc | 1.2-4 | 5.34 | 68.67 | 74.01 | NOTE | |
| r-devel-linux-x86_64-fedora-clang | 1.2-4 | 15.00 | 139.54 | 154.54 | NOTE | |
| r-devel-linux-x86_64-fedora-gcc | 1.2-4 | 16.00 | 150.11 | 166.11 | NOTE | |
| r-devel-windows-x86_64 | 1.2-4 | 10.00 | 120.00 | 130.00 | NOTE | |
| r-patched-linux-x86_64 | 1.2-4 | 8.48 | 90.14 | 98.62 | NOTE | |
| r-release-linux-x86_64 | 1.2-4 | 7.02 | 90.56 | 97.58 | NOTE | |
| r-release-macos-arm64 | 1.2-4 | 3.00 | 48.00 | 51.00 | NOTE | |
| r-release-macos-x86_64 | 1.2-4 | 6.00 | 90.00 | 96.00 | NOTE | |
| r-release-windows-x86_64 | 1.2-4 | 11.00 | 126.00 | 137.00 | NOTE | |
| r-oldrel-macos-arm64 | 1.2-4 | 3.00 | 43.00 | 46.00 | NOTE | |
| r-oldrel-macos-x86_64 | 1.2-4 | 5.00 | 68.00 | 73.00 | NOTE | |
| r-oldrel-windows-x86_64 | 1.2-4 | 14.00 | 145.00 | 159.00 | NOTE |
Version: 1.2-4
Check: Rd files
Result: NOTE
checkRd: (-1) returns.Rd:21: Lost braces; missing escapes or markup?
21 | \item{...}{Other options including {type} which refers to the
| ^
Flavors: r-devel-linux-x86_64-debian-clang, r-devel-linux-x86_64-debian-gcc, r-devel-linux-x86_64-fedora-clang, r-devel-linux-x86_64-fedora-gcc, r-devel-windows-x86_64, r-patched-linux-x86_64, r-release-linux-x86_64, r-release-macos-arm64, r-release-macos-x86_64, r-release-windows-x86_64, r-oldrel-macos-arm64, r-oldrel-macos-x86_64, r-oldrel-windows-x86_64