Last updated on 2025-02-19 09:50:58 CET.
Flavor | Version | Tinstall | Tcheck | Ttotal | Status | Flags |
---|---|---|---|---|---|---|
r-devel-linux-x86_64-debian-clang | 0.1.0 | 2.15 | 44.24 | 46.39 | OK | |
r-devel-linux-x86_64-debian-gcc | 0.1.0 | 1.83 | 19.69 | 21.52 | ERROR | |
r-devel-linux-x86_64-fedora-clang | 0.1.0 | 46.50 | ERROR | |||
r-devel-linux-x86_64-fedora-gcc | 0.1.0 | 58.37 | ERROR | |||
r-devel-macos-arm64 | 0.1.0 | 37.00 | OK | |||
r-devel-macos-x86_64 | 0.1.0 | 55.00 | OK | |||
r-devel-windows-x86_64 | 0.1.0 | 4.00 | 65.00 | 69.00 | OK | |
r-patched-linux-x86_64 | 0.1.0 | 2.14 | 24.28 | 26.42 | ERROR | |
r-release-linux-x86_64 | 0.1.0 | 2.06 | 41.58 | 43.64 | OK | |
r-release-macos-arm64 | 0.1.0 | 29.00 | OK | |||
r-release-macos-x86_64 | 0.1.0 | 44.00 | OK | |||
r-release-windows-x86_64 | 0.1.0 | 4.00 | 74.00 | 78.00 | OK | |
r-oldrel-macos-arm64 | 0.1.0 | 33.00 | OK | |||
r-oldrel-macos-x86_64 | 0.1.0 | 46.00 | OK | |||
r-oldrel-windows-x86_64 | 0.1.0 | 4.00 | 65.00 | 69.00 | OK |
Version: 0.1.0
Check: examples
Result: ERROR
Running examples in ‘outlierensembles-Ex.R’ failed
The error most likely occurred in:
> base::assign(".ptime", proc.time(), pos = "CheckExEnv")
> ### Name: average_ensemble
> ### Title: Uses the mean as the ensemble score
> ### Aliases: average_ensemble
>
> ### ** Examples
>
> set.seed(123)
> X <- data.frame(x1 = rnorm(200), x2 = rnorm(200))
> X[199, ] <- c(4, 4)
> X[200, ] <- c(-3, 5)
> y1 <- DDoutlier::KNN_AGG(X)
Error in loadNamespace(x) : there is no package called ‘DDoutlier’
Calls: loadNamespace -> withRestarts -> withOneRestart -> doWithOneRestart
Execution halted
Flavors: r-devel-linux-x86_64-debian-gcc, r-patched-linux-x86_64
Version: 0.1.0
Check: re-building of vignette outputs
Result: ERROR
Error(s) in re-building vignettes:
...
--- re-building ‘outlierensembles.Rmd’ using rmarkdown
** Processing: /home/hornik/tmp/R.check/r-devel-gcc/Work/PKGS/outlierensembles.Rcheck/vign_test/outlierensembles/vignettes/outlierensembles_files/figure-html/dat-1.png
288x288 pixels, 8 bits/pixel, 256 colors in palette
Reducing image to 8 bits/pixel, grayscale
Input IDAT size = 14244 bytes
Input file size = 15114 bytes
Trying:
zc = 9 zm = 8 zs = 0 f = 0 IDAT size = 13413
zc = 9 zm = 8 zs = 1 f = 0
zc = 1 zm = 8 zs = 2 f = 0
zc = 9 zm = 8 zs = 3 f = 0
zc = 9 zm = 8 zs = 0 f = 5
zc = 9 zm = 8 zs = 1 f = 5
zc = 1 zm = 8 zs = 2 f = 5
zc = 9 zm = 8 zs = 3 f = 5
Selecting parameters:
zc = 9 zm = 8 zs = 0 f = 0 IDAT size = 13413
Output IDAT size = 13413 bytes (831 bytes decrease)
Output file size = 13491 bytes (1623 bytes = 10.74% decrease)
Quitting from lines 51-63 [outliers1] (outlierensembles.Rmd)
Error: processing vignette 'outlierensembles.Rmd' failed with diagnostics:
there is no package called 'DDoutlier'
--- failed re-building ‘outlierensembles.Rmd’
SUMMARY: processing the following file failed:
‘outlierensembles.Rmd’
Error: Vignette re-building failed.
Execution halted
Flavor: r-devel-linux-x86_64-debian-gcc
Version: 0.1.0
Check: examples
Result: ERROR
Running examples in ‘outlierensembles-Ex.R’ failed
The error most likely occurred in:
> ### Name: average_ensemble
> ### Title: Uses the mean as the ensemble score
> ### Aliases: average_ensemble
>
> ### ** Examples
>
> set.seed(123)
> X <- data.frame(x1 = rnorm(200), x2 = rnorm(200))
> X[199, ] <- c(4, 4)
> X[200, ] <- c(-3, 5)
> y1 <- DDoutlier::KNN_AGG(X)
Error in loadNamespace(x) : there is no package called ‘DDoutlier’
Calls: loadNamespace -> withRestarts -> withOneRestart -> doWithOneRestart
Execution halted
Flavors: r-devel-linux-x86_64-fedora-clang, r-devel-linux-x86_64-fedora-gcc
Version: 0.1.0
Check: re-building of vignette outputs
Result: ERROR
Error(s) in re-building vignettes:
--- re-building ‘outlierensembles.Rmd’ using rmarkdown
** Processing: /data/gannet/ripley/R/packages/tests-clang/outlierensembles.Rcheck/vign_test/outlierensembles/vignettes/outlierensembles_files/figure-html/dat-1.png
288x288 pixels, 8 bits/pixel, 256 colors in palette
Reducing image to 8 bits/pixel, grayscale
Input IDAT size = 14127 bytes
Input file size = 14997 bytes
Trying:
zc = 9 zm = 8 zs = 0 f = 0 IDAT size = 13378
zc = 9 zm = 8 zs = 1 f = 0
zc = 1 zm = 8 zs = 2 f = 0
zc = 9 zm = 8 zs = 3 f = 0
zc = 9 zm = 8 zs = 0 f = 5
zc = 9 zm = 8 zs = 1 f = 5
zc = 1 zm = 8 zs = 2 f = 5
zc = 9 zm = 8 zs = 3 f = 5
Selecting parameters:
zc = 9 zm = 8 zs = 0 f = 0 IDAT size = 13378
Output IDAT size = 13378 bytes (749 bytes decrease)
Output file size = 13456 bytes (1541 bytes = 10.28% decrease)
Quitting from lines 51-63 [outliers1] (outlierensembles.Rmd)
Error: processing vignette 'outlierensembles.Rmd' failed with diagnostics:
there is no package called 'DDoutlier'
--- failed re-building ‘outlierensembles.Rmd’
SUMMARY: processing the following file failed:
‘outlierensembles.Rmd’
Error: Vignette re-building failed.
Execution halted
Flavor: r-devel-linux-x86_64-fedora-clang
Version: 0.1.0
Check: re-building of vignette outputs
Result: ERROR
Error(s) in re-building vignettes:
--- re-building ‘outlierensembles.Rmd’ using rmarkdown
** Processing: /data/gannet/ripley/R/packages/tests-devel/outlierensembles.Rcheck/vign_test/outlierensembles/vignettes/outlierensembles_files/figure-html/dat-1.png
288x288 pixels, 8 bits/pixel, 256 colors in palette
Reducing image to 8 bits/pixel, grayscale
Input IDAT size = 14127 bytes
Input file size = 14997 bytes
Trying:
zc = 9 zm = 8 zs = 0 f = 0 IDAT size = 13378
zc = 9 zm = 8 zs = 1 f = 0
zc = 1 zm = 8 zs = 2 f = 0
zc = 9 zm = 8 zs = 3 f = 0
zc = 9 zm = 8 zs = 0 f = 5
zc = 9 zm = 8 zs = 1 f = 5
zc = 1 zm = 8 zs = 2 f = 5
zc = 9 zm = 8 zs = 3 f = 5
Selecting parameters:
zc = 9 zm = 8 zs = 0 f = 0 IDAT size = 13378
Output IDAT size = 13378 bytes (749 bytes decrease)
Output file size = 13456 bytes (1541 bytes = 10.28% decrease)
Quitting from lines 51-63 [outliers1] (outlierensembles.Rmd)
Error: processing vignette 'outlierensembles.Rmd' failed with diagnostics:
there is no package called 'DDoutlier'
--- failed re-building ‘outlierensembles.Rmd’
SUMMARY: processing the following file failed:
‘outlierensembles.Rmd’
Error: Vignette re-building failed.
Execution halted
Flavor: r-devel-linux-x86_64-fedora-gcc
Version: 0.1.0
Check: package dependencies
Result: NOTE
Package suggested but not available for checking: ‘DDoutlier’
Flavor: r-patched-linux-x86_64
Version: 0.1.0
Check: re-building of vignette outputs
Result: ERROR
Error(s) in re-building vignettes:
...
--- re-building ‘outlierensembles.Rmd’ using rmarkdown
** Processing: /home/hornik/tmp/R.check/r-patched-gcc/Work/PKGS/outlierensembles.Rcheck/vign_test/outlierensembles/vignettes/outlierensembles_files/figure-html/dat-1.png
288x288 pixels, 8 bits/pixel, 256 colors in palette
Reducing image to 8 bits/pixel, grayscale
Input IDAT size = 14244 bytes
Input file size = 15114 bytes
Trying:
zc = 9 zm = 8 zs = 0 f = 0 IDAT size = 13413
zc = 9 zm = 8 zs = 1 f = 0
zc = 1 zm = 8 zs = 2 f = 0
zc = 9 zm = 8 zs = 3 f = 0
zc = 9 zm = 8 zs = 0 f = 5
zc = 9 zm = 8 zs = 1 f = 5
zc = 1 zm = 8 zs = 2 f = 5
zc = 9 zm = 8 zs = 3 f = 5
Selecting parameters:
zc = 9 zm = 8 zs = 0 f = 0 IDAT size = 13413
Output IDAT size = 13413 bytes (831 bytes decrease)
Output file size = 13491 bytes (1623 bytes = 10.74% decrease)
Quitting from lines 51-63 [outliers1] (outlierensembles.Rmd)
Error: processing vignette 'outlierensembles.Rmd' failed with diagnostics:
there is no package called 'DDoutlier'
--- failed re-building ‘outlierensembles.Rmd’
SUMMARY: processing the following file failed:
‘outlierensembles.Rmd’
Error: Vignette re-building failed.
Execution halted
Flavor: r-patched-linux-x86_64