Last updated on 2025-02-16 09:50:48 CET.
Flavor | Version | Tinstall | Tcheck | Ttotal | Status | Flags |
---|---|---|---|---|---|---|
r-devel-linux-x86_64-debian-clang | 1.2.1 | 6.64 | 48.88 | 55.52 | NOTE | |
r-devel-linux-x86_64-debian-gcc | 1.2.1 | 4.76 | 36.39 | 41.15 | NOTE | |
r-devel-linux-x86_64-fedora-clang | 1.2.1 | 99.34 | OK | |||
r-devel-linux-x86_64-fedora-gcc | 1.2.1 | 97.91 | OK | |||
r-devel-macos-arm64 | 1.2.1 | 36.00 | OK | |||
r-devel-macos-x86_64 | 1.2.1 | 59.00 | OK | |||
r-devel-windows-x86_64 | 1.2.1 | 10.00 | 75.00 | 85.00 | NOTE | |
r-patched-linux-x86_64 | 1.2.1 | 12.89 | 45.40 | 58.29 | OK | |
r-release-linux-x86_64 | 1.2.1 | 6.17 | 45.71 | 51.88 | OK | |
r-release-macos-arm64 | 1.2.1 | 30.00 | OK | |||
r-release-macos-x86_64 | 1.2.1 | 49.00 | OK | |||
r-release-windows-x86_64 | 1.2.1 | 9.00 | 72.00 | 81.00 | OK | |
r-oldrel-macos-arm64 | 1.2.1 | 38.00 | OK | |||
r-oldrel-macos-x86_64 | 1.2.1 | 69.00 | OK | |||
r-oldrel-windows-x86_64 | 1.2.1 | 10.00 | 85.00 | 95.00 | OK |
Version: 1.2.1
Check: Rd cross-references
Result: NOTE
Found the following Rd file(s) with Rd \link{} targets missing package
anchors:
authorize.Rd: oauth2.0_token
Please provide package anchors for all Rd \link{} targets not in the
package itself and the base packages.
Flavors: r-devel-linux-x86_64-debian-clang, r-devel-linux-x86_64-debian-gcc, r-devel-windows-x86_64