Last updated on 2025-05-14 09:49:44 CEST.
Flavor | Version | Tinstall | Tcheck | Ttotal | Status | Flags |
---|---|---|---|---|---|---|
r-devel-linux-x86_64-debian-clang | 0.1 | 2.10 | 25.39 | 27.49 | NOTE | |
r-devel-linux-x86_64-debian-gcc | 0.1 | 1.65 | 20.41 | 22.06 | NOTE | |
r-devel-linux-x86_64-fedora-clang | 0.1 | 42.41 | OK | |||
r-devel-linux-x86_64-fedora-gcc | 0.1 | 40.43 | OK | |||
r-devel-windows-x86_64 | 0.1 | 3.00 | 47.00 | 50.00 | OK | |
r-patched-linux-x86_64 | 0.1 | 2.39 | 24.52 | 26.91 | OK | |
r-release-linux-x86_64 | 0.1 | 1.96 | 24.21 | 26.17 | OK | |
r-release-macos-arm64 | 0.1 | 21.00 | OK | |||
r-release-macos-x86_64 | 0.1 | 32.00 | OK | |||
r-release-windows-x86_64 | 0.1 | 4.00 | 47.00 | 51.00 | OK | |
r-oldrel-macos-arm64 | 0.1 | 18.00 | OK | |||
r-oldrel-macos-x86_64 | 0.1 | 26.00 | OK | |||
r-oldrel-windows-x86_64 | 0.1 | 4.00 | 52.00 | 56.00 | OK |
Version: 0.1
Check: CRAN incoming feasibility
Result: NOTE
Maintainer: ‘Xavier Domingo-Almenara <xavier.domingo@urv.cat>’
No Authors@R field in DESCRIPTION.
Please add one, modifying
Authors@R: person(given = "Xavier",
family = "Domingo-Almenara",
role = c("aut", "cre"),
email = "xavier.domingo@urv.cat")
as necessary.
Flavors: r-devel-linux-x86_64-debian-clang, r-devel-linux-x86_64-debian-gcc