Last updated on 2025-02-16 09:50:48 CET.
Flavor | Version | Tinstall | Tcheck | Ttotal | Status | Flags |
---|---|---|---|---|---|---|
r-devel-linux-x86_64-debian-clang | 0.2.7 | 10.06 | 85.31 | 95.37 | NOTE | |
r-devel-linux-x86_64-debian-gcc | 0.2.7 | 7.89 | 58.88 | 66.77 | NOTE | |
r-devel-linux-x86_64-fedora-clang | 0.2.7 | 156.09 | NOTE | |||
r-devel-linux-x86_64-fedora-gcc | 0.2.7 | 141.62 | NOTE | |||
r-devel-macos-arm64 | 0.2.7 | 42.00 | NOTE | |||
r-devel-macos-x86_64 | 0.2.7 | 90.00 | NOTE | |||
r-devel-windows-x86_64 | 0.2.7 | 11.00 | 89.00 | 100.00 | NOTE | |
r-patched-linux-x86_64 | 0.2.7 | 9.05 | 78.29 | 87.34 | NOTE | |
r-release-linux-x86_64 | 0.2.7 | 9.13 | 76.77 | 85.90 | NOTE | |
r-release-macos-arm64 | 0.2.7 | 38.00 | NOTE | |||
r-release-macos-x86_64 | 0.2.7 | 58.00 | NOTE | |||
r-release-windows-x86_64 | 0.2.7 | 11.00 | 98.00 | 109.00 | NOTE | |
r-oldrel-macos-arm64 | 0.2.7 | 38.00 | OK | |||
r-oldrel-macos-x86_64 | 0.2.7 | 65.00 | OK | |||
r-oldrel-windows-x86_64 | 0.2.7 | 14.00 | 122.00 | 136.00 | OK |
Version: 0.2.7
Check: Rd files
Result: NOTE
checkRd: (-1) hillEquation.Rd:29: Lost braces in \itemize; \value handles \item{}{} directly
checkRd: (-1) hillEquation.Rd:30: Lost braces in \itemize; \value handles \item{}{} directly
checkRd: (-1) hillEquation.Rd:30-31: Lost braces in \itemize; \value handles \item{}{} directly
checkRd: (-1) hillEquation.Rd:31: Lost braces in \itemize; \value handles \item{}{} directly
checkRd: (-1) hillEquation.Rd:32: Lost braces in \itemize; \value handles \item{}{} directly
checkRd: (-1) hillEquation.Rd:33: Lost braces in \itemize; \value handles \item{}{} directly
checkRd: (-1) hillEquation.Rd:34: Lost braces in \itemize; \value handles \item{}{} directly
checkRd: (-1) hillEquation.Rd:35: Lost braces in \itemize; \value handles \item{}{} directly
checkRd: (-1) qiba.Rd:81-83: Lost braces in \itemize; \value handles \item{}{} directly
checkRd: (-1) qiba.Rd:84-85: Lost braces in \itemize; \value handles \item{}{} directly
checkRd: (-1) qiba.Rd:86-87: Lost braces in \itemize; \value handles \item{}{} directly
checkRd: (-1) qiba.Rd:88-90: Lost braces in \itemize; \value handles \item{}{} directly
checkRd: (-1) qiba.Rd:91-93: Lost braces in \itemize; \value handles \item{}{} directly
Flavors: r-devel-linux-x86_64-debian-clang, r-devel-linux-x86_64-debian-gcc, r-devel-linux-x86_64-fedora-clang, r-devel-linux-x86_64-fedora-gcc, r-devel-macos-arm64, r-devel-macos-x86_64, r-devel-windows-x86_64, r-patched-linux-x86_64, r-release-linux-x86_64, r-release-macos-arm64, r-release-macos-x86_64, r-release-windows-x86_64