Last updated on 2025-05-12 09:51:28 CEST.
Flavor | Version | Tinstall | Tcheck | Ttotal | Status | Flags |
---|---|---|---|---|---|---|
r-devel-linux-x86_64-debian-clang | 0.10.5 | 5.25 | 28.99 | 34.24 | NOTE | |
r-devel-linux-x86_64-debian-gcc | 0.10.5 | 3.82 | 22.69 | 26.51 | NOTE | |
r-devel-linux-x86_64-fedora-clang | 0.10.5 | 51.11 | OK | |||
r-devel-linux-x86_64-fedora-gcc | 0.10.5 | 48.98 | OK | |||
r-devel-windows-x86_64 | 0.10.5 | 6.00 | 50.00 | 56.00 | OK | |
r-patched-linux-x86_64 | 0.10.5 | 5.41 | 26.66 | 32.07 | OK | |
r-release-linux-x86_64 | 0.10.5 | 4.69 | 26.58 | 31.27 | OK | |
r-release-macos-arm64 | 0.10.5 | 19.00 | OK | |||
r-release-macos-x86_64 | 0.10.5 | 30.00 | OK | |||
r-release-windows-x86_64 | 0.10.5 | 6.00 | 54.00 | 60.00 | OK | |
r-oldrel-macos-arm64 | 0.10.5 | 18.00 | OK | |||
r-oldrel-macos-x86_64 | 0.10.5 | 24.00 | OK | |||
r-oldrel-windows-x86_64 | 0.10.5 | 6.00 | 57.00 | 63.00 | OK |
Version: 0.10.5
Check: CRAN incoming feasibility
Result: NOTE
Maintainer: ‘Duncan Murdoch <murdoch.duncan@gmail.com>’
No Authors@R field in DESCRIPTION.
Please add one, modifying
Authors@R: person(given = "Duncan",
family = "Murdoch",
role = c("aut", "cre"),
email = "murdoch.duncan@gmail.com")
as necessary.
Package CITATION file contains call(s) to old-style citEntry(). Please
use bibentry() instead.
Flavors: r-devel-linux-x86_64-debian-clang, r-devel-linux-x86_64-debian-gcc