CRAN Package Check Results for Package ordinalForest

Last updated on 2025-04-16 09:53:06 CEST.

Flavor Version Tinstall Tcheck Ttotal Status Flags
r-devel-linux-x86_64-debian-clang 2.4-4 61.29 28.52 89.81 OK
r-devel-linux-x86_64-debian-gcc 2.4-4 43.23 22.14 65.37 OK
r-devel-linux-x86_64-fedora-clang 2.4-4 191.20 OK
r-devel-linux-x86_64-fedora-gcc 2.4-4 161.80 OK
r-devel-windows-x86_64 2.4-4 74.00 72.00 146.00 OK
r-patched-linux-x86_64 2.4-4 62.48 28.10 90.58 OK
r-release-linux-x86_64 2.4-4 61.13 28.11 89.24 OK
r-release-macos-arm64 2.4-4 48.00 OK
r-release-macos-x86_64 2.4-4 51.00 OK
r-release-windows-x86_64 2.4-4 75.00 69.00 144.00 OK
r-oldrel-macos-arm64 2.4-4 44.00 NOTE
r-oldrel-macos-x86_64 2.4-4 58.00 NOTE
r-oldrel-windows-x86_64 2.4-4 86.00 80.00 166.00 OK

Check Details

Version: 2.4-4
Check: installed package size
Result: NOTE installed size is 5.7Mb sub-directories of 1Mb or more: libs 5.6Mb Flavors: r-oldrel-macos-arm64, r-oldrel-macos-x86_64