CRAN Package Check Results for Package ordDisp

Last updated on 2025-04-16 09:53:06 CEST.

Flavor Version Tinstall Tcheck Ttotal Status Flags
r-devel-linux-x86_64-debian-clang 2.1.1 5.14 37.81 42.95 NOTE
r-devel-linux-x86_64-debian-gcc 2.1.1 3.79 28.24 32.03 NOTE
r-devel-linux-x86_64-fedora-clang 2.1.1 67.04 OK
r-devel-linux-x86_64-fedora-gcc 2.1.1 64.39 OK
r-devel-windows-x86_64 2.1.1 5.00 55.00 60.00 NOTE
r-patched-linux-x86_64 2.1.1 4.52 36.71 41.23 NOTE
r-release-linux-x86_64 2.1.1 5.02 36.56 41.58 NOTE
r-release-macos-arm64 2.1.1 22.00 OK
r-release-macos-x86_64 2.1.1 37.00 OK
r-release-windows-x86_64 2.1.1 6.00 53.00 59.00 NOTE
r-oldrel-macos-arm64 2.1.1 21.00 OK
r-oldrel-macos-x86_64 2.1.1 35.00 OK
r-oldrel-windows-x86_64 2.1.1 5.00 63.00 68.00 OK

Check Details

Version: 2.1.1
Check: Rd cross-references
Result: NOTE Found the following Rd file(s) with Rd \link{} targets missing package anchors: ordDisp.Rd: vglm, VGAM Please provide package anchors for all Rd \link{} targets not in the package itself and the base packages. Flavors: r-devel-linux-x86_64-debian-clang, r-devel-linux-x86_64-debian-gcc, r-devel-windows-x86_64, r-patched-linux-x86_64, r-release-linux-x86_64, r-release-windows-x86_64