CRAN Package Check Results for Package optim.functions

Last updated on 2025-02-16 09:50:48 CET.

Flavor Version Tinstall Tcheck Ttotal Status Flags
r-devel-linux-x86_64-debian-clang 0.1 2.36 18.71 21.07 OK
r-devel-linux-x86_64-debian-gcc 0.1 1.88 15.55 17.43 OK
r-devel-linux-x86_64-fedora-clang 0.1 35.44 OK
r-devel-linux-x86_64-fedora-gcc 0.1 32.18 OK
r-devel-macos-arm64 0.1 17.00 OK
r-devel-macos-x86_64 0.1 27.00 OK
r-devel-windows-x86_64 0.1 4.00 47.00 51.00 OK
r-patched-linux-x86_64 0.1 2.28 18.20 20.48 NOTE
r-release-linux-x86_64 0.1 2.11 18.09 20.20 NOTE
r-release-macos-arm64 0.1 18.00 NOTE
r-release-macos-x86_64 0.1 23.00 NOTE
r-release-windows-x86_64 0.1 4.00 49.00 53.00 NOTE
r-oldrel-macos-arm64 0.1 19.00 NOTE
r-oldrel-macos-x86_64 0.1 20.00 NOTE
r-oldrel-windows-x86_64 0.1 4.00 61.00 65.00 NOTE

Check Details

Version: 0.1
Check: LazyData
Result: NOTE 'LazyData' is specified without a 'data' directory Flavors: r-patched-linux-x86_64, r-release-linux-x86_64, r-release-macos-arm64, r-release-macos-x86_64, r-release-windows-x86_64, r-oldrel-macos-arm64, r-oldrel-macos-x86_64, r-oldrel-windows-x86_64